{"id":13495,"date":"2024-05-16T19:15:45","date_gmt":"2024-05-16T17:15:45","guid":{"rendered":"https:\/\/torreviejarentals.es\/?post_type=listivo_listing&#038;p=13495"},"modified":"2026-04-07T08:36:21","modified_gmt":"2026-04-07T06:36:21","slug":"terraced-house-in-popular-rosaleda","status":"publish","type":"listivo_listing","link":"https:\/\/www.torreviejarentals.es\/sv\/listing\/terraced-house-in-popular-rosaleda\/","title":{"rendered":"Radhus i popul\u00e4ra Rosaleda"},"content":{"rendered":"<p><strong>Radhus i popul\u00e4ra Rosaleda<\/strong><\/p>\n<p>V\u00e4lkommen till detta charmiga radhus bel\u00e4get i det popul\u00e4ra omr\u00e5det Rosaleda. Med en stor och solig uteplats p\u00e5 cirka 55 kvadratmeter \u00e4r detta det perfekta hemmet f\u00f6r den som \u00e4lskar att njuta utomhus (sols\u00e4ngar och solstolar finns).<\/p>\n<p>Den \u00f6ppna planl\u00f6sningen mellan det fr\u00e4scha k\u00f6ket och vardagsrummet skapar en ljus och luftig atmosf\u00e4r d\u00e4r du kan umg\u00e5s med familj och v\u00e4nner.<\/p>\n<p>I ett av sovrummen finns en bekv\u00e4m dubbels\u00e4ng, och i det angr\u00e4nsande utrymmet finns ytterligare tv\u00e5 enkels\u00e4ngar och en stor garderob.<\/p>\n<p>Radhuset har ett nyrenoverat badrum och en extra toalett i anslutning till tv\u00e4ttstugan.<\/p>\n<p>Radhuset ligger bara ca 7 minuters promenad till den popul\u00e4ra stranden Los Locos d\u00e4r du kan tillbringa dagarna med att njuta av solen och havet. Det \u00e4r ocks\u00e5 n\u00e4ra till en stor nybyggd livsmedelsbutik (ca 2 minuters promenad) och n\u00e4ra till restauranger och pubar.<\/p>\n<p>El, vatten och internet ing\u00e5r i hyran.<\/p>\n<p>Detta radhus erbjuder det b\u00e4sta av b\u00e5de inomhus- och utomhusliv i ett av Torreviejas mest eftertraktade omr\u00e5den. Kom och upplev det sj\u00e4lv!<\/p>\n<p>V\u00e4lkomna!<\/p>","protected":false},"author":75,"template":"","listivo_5495":["Holiday Rentals","Long Term Rentals"],"listivo_14303":[],"listivo_14297":[],"listivo_14311":[],"listivo_14299":[],"listivo_14298":[],"listivo_14300":[],"listivo_14301":[],"listivo_14305":[],"listivo_14307":[],"listivo_14309":[],"listivo_14310":[],"listivo_14":["Houses"],"listivo_11876":["Torrevieja"],"listivo_9508":[],"listivo_12010":["Air Conditioner","Bed Sheets","Furnished","Towels","TV","Washing Machine","Wi-Fi"],"listivo_12008":["Coffee Maker or Kettle","Kitchen Tools","Microwave","Oven","Refrigerator &amp; Freezer","Stove"],"listivo_4661":["Balcony\/Terrasse","Garden","Parking (Private)","Parking (Shared)"],"listivo_11882":["English","Norwegian","Swedish"],"listivo_12017":["Smoking not allowed"],"listivo_12018":["Pets not allowed"],"class_list":["post-13495","listivo_listing","type-listivo_listing","status-publish","hentry","listivo_5495-holiday-rentals","listivo_5495-long-term-rentals","listivo_14-houses","listivo_11876-torrevieja","listivo_12010-air-conditioner","listivo_12010-bed-sheets","listivo_12010-furnished","listivo_12010-towels","listivo_12010-tv","listivo_12010-washing-machine","listivo_12010-wi-fi","listivo_12008-coffee-maker-or-kettle","listivo_12008-kitchen-tools","listivo_12008-microwave","listivo_12008-oven","listivo_12008-refrigerator-and-freezer","listivo_12008-stove","listivo_4661-balcony-terrasse","listivo_4661-garden","listivo_4661-parking-private","listivo_4661-parking-shared","listivo_11882-english","listivo_11882-norwegian","listivo_11882-swedish","listivo_12017-smoking-not-allowed","listivo_12018-pets-not-allowed"],"acf":[],"listivo_12212":["6"],"listivo_14304":[],"listivo_14306":[],"listivo_14308":[],"listivo_11786":["4"],"listivo_5463":["1"],"listivo_12019":["2"],"listivo_340":["58 m\u00b2"],"listivo_11980":["50"],"listivo_145":["https:\/\/www.torreviejarentals.es\/wp-content\/uploads\/2026\/04\/WhatsApp-Image-2026-04-01-at-16.07.17-3.jpeg","https:\/\/www.torreviejarentals.es\/wp-content\/uploads\/2026\/04\/WhatsApp-Image-2026-04-01-at-16.07.17-1.jpeg","https:\/\/www.torreviejarentals.es\/wp-content\/uploads\/2026\/04\/WhatsApp-Image-2026-04-01-at-16.07.16-1.jpeg","https:\/\/www.torreviejarentals.es\/wp-content\/uploads\/2026\/04\/WhatsApp-Image-2026-04-01-at-16.07.17-2.jpeg","https:\/\/www.torreviejarentals.es\/wp-content\/uploads\/2026\/04\/WhatsApp-Image-2026-04-01-at-16.07.18-1.jpeg","https:\/\/www.torreviejarentals.es\/wp-content\/uploads\/2026\/04\/WhatsApp-Image-2026-04-01-at-16.07.18.jpeg","https:\/\/www.torreviejarentals.es\/wp-content\/uploads\/2026\/04\/WhatsApp-Image-2026-04-01-at-16.07.18-2.jpeg","https:\/\/www.torreviejarentals.es\/wp-content\/uploads\/2026\/04\/WhatsApp-Image-2026-04-01-at-16.07.18-3.jpeg","https:\/\/www.torreviejarentals.es\/wp-content\/uploads\/2026\/04\/WhatsApp-Image-2026-04-01-at-16.07.18-4.jpeg","https:\/\/www.torreviejarentals.es\/wp-content\/uploads\/2026\/04\/WhatsApp-Image-2026-04-01-at-16.07.18-5.jpeg","https:\/\/www.torreviejarentals.es\/wp-content\/uploads\/2026\/04\/WhatsApp-Image-2026-04-01-at-16.07.18-6.jpeg","https:\/\/www.torreviejarentals.es\/wp-content\/uploads\/2026\/04\/WhatsApp-Image-2026-04-01-at-16.07.18-7.jpeg","https:\/\/www.torreviejarentals.es\/wp-content\/uploads\/2026\/04\/WhatsApp-Image-2026-04-01-at-16.07.18-8.jpeg","https:\/\/www.torreviejarentals.es\/wp-content\/uploads\/2026\/04\/WhatsApp-Image-2026-04-01-at-16.07.18-9.jpeg"],"listivo_344":[],"listivo_345":{"url":"","embed":""},"listivo_153":{"address":"Av. las Alondras, 102, 03183 Torrevieja, Alicante, Spain","location":{"lat":37.9878005,"lng":-0.6646164}},"listivo_11704":[],"listivo_11750":["4209"],"listivo_11885":["{\"reserved\":{\"15\":{\"from\":1776470400000,\"to\":1779753600000,\"name\":\"F\u00f6r\u00e4ldrarna \u00e4r d\u00e4r\",\"note\":\"\",\"price\":\"\",\"phone\":\"\",\"email\":\"\"},\"22\":{\"from\":1782086400000,\"to\":1783296000000,\"name\":\"Magnus Hermansson\",\"note\":\"Messenger\",\"price\":\"1100\u20ac + 50\u20ac\",\"phone\":\"+46708281222\",\"email\":\"\"}},\"low-season\":{\"12\":{\"from\":1770249600000,\"to\":1780185600000,\"price\":\"85\",\"deposit\":\"\"},\"19\":{\"from\":1788220800000,\"to\":1811721600000,\"price\":\"85\",\"deposit\":\"\"}},\"high-season\":{\"18\":{\"from\":1780272000000,\"to\":1788134400000,\"price\":\"100\",\"deposit\":\"\"}}}"],"listivo_5974":["Price from:  \u20ac85 \/day"],"listivo_11948":[],"listivo_11949":[],"_links":{"self":[{"href":"https:\/\/www.torreviejarentals.es\/sv\/wp-json\/wp\/v2\/listings\/13495","targetHints":{"allow":["GET"]}}],"collection":[{"href":"https:\/\/www.torreviejarentals.es\/sv\/wp-json\/wp\/v2\/listings"}],"about":[{"href":"https:\/\/www.torreviejarentals.es\/sv\/wp-json\/wp\/v2\/types\/listivo_listing"}],"author":[{"embeddable":true,"href":"https:\/\/www.torreviejarentals.es\/sv\/wp-json\/wp\/v2\/users\/75"}],"wp:attachment":[{"href":"https:\/\/www.torreviejarentals.es\/sv\/wp-json\/wp\/v2\/media?parent=13495"}],"wp:term":[{"taxonomy":"listivo_5495","embeddable":true,"href":"https:\/\/www.torreviejarentals.es\/sv\/wp-json\/wp\/v2\/listivo_5495?post=13495"},{"taxonomy":"listivo_14303","embeddable":true,"href":"https:\/\/www.torreviejarentals.es\/sv\/wp-json\/wp\/v2\/listivo_14303?post=13495"},{"taxonomy":"listivo_14297","embeddable":true,"href":"https:\/\/www.torreviejarentals.es\/sv\/wp-json\/wp\/v2\/listivo_14297?post=13495"},{"taxonomy":"listivo_14311","embeddable":true,"href":"https:\/\/www.torreviejarentals.es\/sv\/wp-json\/wp\/v2\/listivo_14311?post=13495"},{"taxonomy":"listivo_14299","embeddable":true,"href":"https:\/\/www.torreviejarentals.es\/sv\/wp-json\/wp\/v2\/listivo_14299?post=13495"},{"taxonomy":"listivo_14298","embeddable":true,"href":"https:\/\/www.torreviejarentals.es\/sv\/wp-json\/wp\/v2\/listivo_14298?post=13495"},{"taxonomy":"listivo_14300","embeddable":true,"href":"https:\/\/www.torreviejarentals.es\/sv\/wp-json\/wp\/v2\/listivo_14300?post=13495"},{"taxonomy":"listivo_14301","embeddable":true,"href":"https:\/\/www.torreviejarentals.es\/sv\/wp-json\/wp\/v2\/listivo_14301?post=13495"},{"taxonomy":"listivo_14305","embeddable":true,"href":"https:\/\/www.torreviejarentals.es\/sv\/wp-json\/wp\/v2\/listivo_14305?post=13495"},{"taxonomy":"listivo_14307","embeddable":true,"href":"https:\/\/www.torreviejarentals.es\/sv\/wp-json\/wp\/v2\/listivo_14307?post=13495"},{"taxonomy":"listivo_14309","embeddable":true,"href":"https:\/\/www.torreviejarentals.es\/sv\/wp-json\/wp\/v2\/listivo_14309?post=13495"},{"taxonomy":"listivo_14310","embeddable":true,"href":"https:\/\/www.torreviejarentals.es\/sv\/wp-json\/wp\/v2\/listivo_14310?post=13495"},{"taxonomy":"listivo_14","embeddable":true,"href":"https:\/\/www.torreviejarentals.es\/sv\/wp-json\/wp\/v2\/listivo_14?post=13495"},{"taxonomy":"listivo_11876","embeddable":true,"href":"https:\/\/www.torreviejarentals.es\/sv\/wp-json\/wp\/v2\/listivo_11876?post=13495"},{"taxonomy":"listivo_9508","embeddable":true,"href":"https:\/\/www.torreviejarentals.es\/sv\/wp-json\/wp\/v2\/listivo_9508?post=13495"},{"taxonomy":"listivo_12010","embeddable":true,"href":"https:\/\/www.torreviejarentals.es\/sv\/wp-json\/wp\/v2\/listivo_12010?post=13495"},{"taxonomy":"listivo_12008","embeddable":true,"href":"https:\/\/www.torreviejarentals.es\/sv\/wp-json\/wp\/v2\/listivo_12008?post=13495"},{"taxonomy":"listivo_4661","embeddable":true,"href":"https:\/\/www.torreviejarentals.es\/sv\/wp-json\/wp\/v2\/listivo_4661?post=13495"},{"taxonomy":"listivo_11882","embeddable":true,"href":"https:\/\/www.torreviejarentals.es\/sv\/wp-json\/wp\/v2\/listivo_11882?post=13495"},{"taxonomy":"listivo_12017","embeddable":true,"href":"https:\/\/www.torreviejarentals.es\/sv\/wp-json\/wp\/v2\/listivo_12017?post=13495"},{"taxonomy":"listivo_12018","embeddable":true,"href":"https:\/\/www.torreviejarentals.es\/sv\/wp-json\/wp\/v2\/listivo_12018?post=13495"}],"curies":[{"name":"wp","href":"https:\/\/api.w.org\/{rel}","templated":true}]}}

Radhus i populära Rosaleda

<p><strong>Radhus i populära Rosaleda</strong></p>
<p>Välkommen till detta charmiga radhus beläget i det populära området Rosaleda. Med en stor och solig uteplats på cirka 55 kvadratmeter är detta det perfekta hemmet för den som älskar att njuta utomhus (solsängar och solstolar finns).</p>
<p>Den öppna planlösningen mellan det fräscha köket och vardagsrummet skapar en ljus och luftig atmosfär där du kan umgås med familj och vänner.</p>
<p>I ett av sovrummen finns en bekväm dubbelsäng, och i det angränsande utrymmet finns ytterligare två enkelsängar och en stor garderob.</p>
<p>Radhuset har ett nyrenoverat badrum och en extra toalett i anslutning till tvättstugan.</p>
<p>Radhuset ligger bara ca 7 minuters promenad till den populära stranden Los Locos där du kan tillbringa dagarna med att njuta av solen och havet. Det är också nära till en stor nybyggd livsmedelsbutik (ca 2 minuters promenad) och nära till restauranger och pubar.</p>
<p>El, vatten och internet ingår i hyran.</p>
<p>Detta radhus erbjuder det bästa av både inomhus- och utomhusliv i ett av Torreviejas mest eftertraktade områden. Kom och upplev det själv!</p>
<p>Välkomna!</p>

{"reserved":{"15":{"from":1776470400000,"to":1779753600000,"name":"Föräldrarna är där","note":"","price":"","phone":"","email":""},"22":{"from":1782086400000,"to":1783296000000,"name":"Magnus Hermansson","note":"Messenger","price":"1100€ + 50€","phone":"+46708281222","email":""}},"low-season":{"12":{"from":1770249600000,"to":1780185600000,"price":"85","deposit":""},"19":{"from":1788220800000,"to":1811721600000,"price":"85","deposit":""}},"high-season":{"18":{"from":1780272000000,"to":1788134400000,"price":"100","deposit":""}}}
