{"id":14369,"date":"2025-03-24T21:06:17","date_gmt":"2025-03-24T19:06:17","guid":{"rendered":"https:\/\/torreviejarentals.es\/?post_type=listivo_listing&#038;p=14369"},"modified":"2025-11-26T17:44:57","modified_gmt":"2025-11-26T15:44:57","slug":"entire-villa","status":"publish","type":"listivo_listing","link":"https:\/\/www.torreviejarentals.es\/sv\/listing\/entire-villa\/","title":{"rendered":"Hela villan"},"content":{"rendered":"<p>Hel villa med privat pool. Stor privat tr\u00e4dg\u00e5rd och takterrass med havsutsikt. Perfekt l\u00e4ge: bara 300 meter fr\u00e5n den mindre stranden (Cala de La Zora); 1 km ungef\u00e4r fr\u00e5n Playa de Los Locos. Butiker och restauranger ligger 5 minuter bort. Stort vardagsrum med AC, separat k\u00f6k, 3 sovrum ( 160 s\u00e4ngar i 2 sovrum; v\u00e5ningss\u00e4ng i tredje sovrummet ). Handdukar, badlakan och s\u00e4ngkl\u00e4der tillhandah\u00e5lls.<\/p>","protected":false},"author":132,"template":"","listivo_5495":["Holiday Rentals","Long Term Rentals"],"listivo_14303":[],"listivo_14297":[],"listivo_14311":[],"listivo_14299":[],"listivo_14298":[],"listivo_14300":[],"listivo_14301":[],"listivo_14305":[],"listivo_14307":[],"listivo_14309":[],"listivo_14310":[],"listivo_14":["Houses"],"listivo_11876":["Torrevieja"],"listivo_9508":[],"listivo_12010":["Air Conditioner","Bed Sheets","Dryer","Fire Extinguisher","First Aid Kit","Furnished","Towels","TV"],"listivo_12008":["Coffee Maker or Kettle","Kitchen Tools","Microwave","Oven","Refrigerator &amp; Freezer","Stove"],"listivo_4661":["Garden","Parking (Private)","Pool (Private)"],"listivo_11882":["English","Swedish"],"listivo_12017":["Smoking not allowed"],"listivo_12018":["Pets allowed"],"class_list":["post-14369","listivo_listing","type-listivo_listing","status-publish","hentry","listivo_5495-holiday-rentals","listivo_5495-long-term-rentals","listivo_14-houses","listivo_11876-torrevieja","listivo_12010-air-conditioner","listivo_12010-bed-sheets","listivo_12010-dryer","listivo_12010-fire-extinguisher","listivo_12010-first-aid-kit","listivo_12010-furnished","listivo_12010-towels","listivo_12010-tv","listivo_12008-coffee-maker-or-kettle","listivo_12008-kitchen-tools","listivo_12008-microwave","listivo_12008-oven","listivo_12008-refrigerator-and-freezer","listivo_12008-stove","listivo_4661-garden","listivo_4661-parking-private","listivo_4661-pool-private","listivo_11882-english","listivo_11882-swedish","listivo_12017-smoking-not-allowed","listivo_12018-pets-allowed"],"acf":[],"listivo_12212":["11"],"listivo_14304":[],"listivo_14306":[],"listivo_14308":[],"listivo_11786":["8"],"listivo_5463":["1"],"listivo_12019":["3"],"listivo_340":["80 m\u00b2"],"listivo_11980":["60"],"listivo_145":["https:\/\/www.torreviejarentals.es\/wp-content\/uploads\/2025\/03\/IMG_5919.jpeg","https:\/\/www.torreviejarentals.es\/wp-content\/uploads\/2025\/03\/IMG_5917.jpeg","https:\/\/www.torreviejarentals.es\/wp-content\/uploads\/2025\/03\/IMG_8621-scaled.jpeg","https:\/\/www.torreviejarentals.es\/wp-content\/uploads\/2025\/03\/IMG_8613-scaled.jpeg","https:\/\/www.torreviejarentals.es\/wp-content\/uploads\/2025\/03\/IMG_8607-scaled.jpeg","https:\/\/www.torreviejarentals.es\/wp-content\/uploads\/2025\/03\/IMG_8595-scaled.jpeg","https:\/\/www.torreviejarentals.es\/wp-content\/uploads\/2025\/03\/IMG_8606-scaled.jpeg","https:\/\/www.torreviejarentals.es\/wp-content\/uploads\/2025\/03\/IMG_8579-scaled.jpeg","https:\/\/www.torreviejarentals.es\/wp-content\/uploads\/2025\/03\/IMG_5946-scaled.jpeg","https:\/\/www.torreviejarentals.es\/wp-content\/uploads\/2025\/03\/IMG_5954-scaled.jpeg"],"listivo_344":["https:\/\/www.torreviejarentals.es\/wp-content\/uploads\/2025\/03\/Copia-simple-compra-venta-Gabrila-Mistral-47.pdf"],"listivo_345":{"url":"","embed":""},"listivo_153":{"address":"C. Gabriela Mistral, 03183 Torrevieja, Alicante, Spain","location":{"lat":37.9937041,"lng":-0.6591316}},"listivo_11704":["https:\/\/www.torreviejarentals.es\/wp-content\/uploads\/2025\/03\/d7a0d3fb-5804-424b-a65b-28ff39b5b85a.jpeg"],"listivo_11750":["free"],"listivo_11885":["{\"high-season\":{\"1\":{\"from\":1750636800000,\"to\":1756598400000,\"price\":\"140\",\"deposit\":\"\"}},\"low-season\":{\"2\":{\"from\":1747785600000,\"to\":1750636800000,\"price\":\"120\",\"deposit\":\"\"}},\"long-term\":{\"3\":{\"from\":1756684800000,\"to\":1777593600000,\"price\":\"1300\",\"deposit\":\"\"}},\"reserved\":{\"4\":{\"from\":1742774400000,\"to\":1747699200000,\"name\":\"Lena\",\"note\":\"\"},\"5\":{\"from\":1750896000000,\"to\":1754438400000,\"name\":\"Mathias \",\"note\":\"Thresson\"}}}"],"listivo_5974":["Price from:  \u20ac120 \/day"],"listivo_11948":[],"listivo_11949":[],"_links":{"self":[{"href":"https:\/\/www.torreviejarentals.es\/sv\/wp-json\/wp\/v2\/listings\/14369","targetHints":{"allow":["GET"]}}],"collection":[{"href":"https:\/\/www.torreviejarentals.es\/sv\/wp-json\/wp\/v2\/listings"}],"about":[{"href":"https:\/\/www.torreviejarentals.es\/sv\/wp-json\/wp\/v2\/types\/listivo_listing"}],"author":[{"embeddable":true,"href":"https:\/\/www.torreviejarentals.es\/sv\/wp-json\/wp\/v2\/users\/132"}],"wp:attachment":[{"href":"https:\/\/www.torreviejarentals.es\/sv\/wp-json\/wp\/v2\/media?parent=14369"}],"wp:term":[{"taxonomy":"listivo_5495","embeddable":true,"href":"https:\/\/www.torreviejarentals.es\/sv\/wp-json\/wp\/v2\/listivo_5495?post=14369"},{"taxonomy":"listivo_14303","embeddable":true,"href":"https:\/\/www.torreviejarentals.es\/sv\/wp-json\/wp\/v2\/listivo_14303?post=14369"},{"taxonomy":"listivo_14297","embeddable":true,"href":"https:\/\/www.torreviejarentals.es\/sv\/wp-json\/wp\/v2\/listivo_14297?post=14369"},{"taxonomy":"listivo_14311","embeddable":true,"href":"https:\/\/www.torreviejarentals.es\/sv\/wp-json\/wp\/v2\/listivo_14311?post=14369"},{"taxonomy":"listivo_14299","embeddable":true,"href":"https:\/\/www.torreviejarentals.es\/sv\/wp-json\/wp\/v2\/listivo_14299?post=14369"},{"taxonomy":"listivo_14298","embeddable":true,"href":"https:\/\/www.torreviejarentals.es\/sv\/wp-json\/wp\/v2\/listivo_14298?post=14369"},{"taxonomy":"listivo_14300","embeddable":true,"href":"https:\/\/www.torreviejarentals.es\/sv\/wp-json\/wp\/v2\/listivo_14300?post=14369"},{"taxonomy":"listivo_14301","embeddable":true,"href":"https:\/\/www.torreviejarentals.es\/sv\/wp-json\/wp\/v2\/listivo_14301?post=14369"},{"taxonomy":"listivo_14305","embeddable":true,"href":"https:\/\/www.torreviejarentals.es\/sv\/wp-json\/wp\/v2\/listivo_14305?post=14369"},{"taxonomy":"listivo_14307","embeddable":true,"href":"https:\/\/www.torreviejarentals.es\/sv\/wp-json\/wp\/v2\/listivo_14307?post=14369"},{"taxonomy":"listivo_14309","embeddable":true,"href":"https:\/\/www.torreviejarentals.es\/sv\/wp-json\/wp\/v2\/listivo_14309?post=14369"},{"taxonomy":"listivo_14310","embeddable":true,"href":"https:\/\/www.torreviejarentals.es\/sv\/wp-json\/wp\/v2\/listivo_14310?post=14369"},{"taxonomy":"listivo_14","embeddable":true,"href":"https:\/\/www.torreviejarentals.es\/sv\/wp-json\/wp\/v2\/listivo_14?post=14369"},{"taxonomy":"listivo_11876","embeddable":true,"href":"https:\/\/www.torreviejarentals.es\/sv\/wp-json\/wp\/v2\/listivo_11876?post=14369"},{"taxonomy":"listivo_9508","embeddable":true,"href":"https:\/\/www.torreviejarentals.es\/sv\/wp-json\/wp\/v2\/listivo_9508?post=14369"},{"taxonomy":"listivo_12010","embeddable":true,"href":"https:\/\/www.torreviejarentals.es\/sv\/wp-json\/wp\/v2\/listivo_12010?post=14369"},{"taxonomy":"listivo_12008","embeddable":true,"href":"https:\/\/www.torreviejarentals.es\/sv\/wp-json\/wp\/v2\/listivo_12008?post=14369"},{"taxonomy":"listivo_4661","embeddable":true,"href":"https:\/\/www.torreviejarentals.es\/sv\/wp-json\/wp\/v2\/listivo_4661?post=14369"},{"taxonomy":"listivo_11882","embeddable":true,"href":"https:\/\/www.torreviejarentals.es\/sv\/wp-json\/wp\/v2\/listivo_11882?post=14369"},{"taxonomy":"listivo_12017","embeddable":true,"href":"https:\/\/www.torreviejarentals.es\/sv\/wp-json\/wp\/v2\/listivo_12017?post=14369"},{"taxonomy":"listivo_12018","embeddable":true,"href":"https:\/\/www.torreviejarentals.es\/sv\/wp-json\/wp\/v2\/listivo_12018?post=14369"}],"curies":[{"name":"wp","href":"https:\/\/api.w.org\/{rel}","templated":true}]}}

<p>Hel villa med privat pool. Stor privat trädgård och takterrass med havsutsikt. Perfekt läge: bara 300 meter från den mindre stranden (Cala de La Zora); 1 km ungefär från Playa de Los Locos. Butiker och restauranger ligger 5 minuter bort. Stort vardagsrum med AC, separat kök, 3 sovrum ( 160 sängar i 2 sovrum; våningssäng i tredje sovrummet ). Handdukar, badlakan och sängkläder tillhandahålls.</p>
