{"id":14490,"date":"2025-05-12T18:20:35","date_gmt":"2025-05-12T16:20:35","guid":{"rendered":"https:\/\/www.torreviejarentals.es\/?post_type=listivo_listing&#038;p=14490"},"modified":"2026-02-04T11:03:26","modified_gmt":"2026-02-04T09:03:26","slug":"toyota-auris","status":"publish","type":"listivo_listing","link":"https:\/\/www.torreviejarentals.es\/sv\/listing\/toyota-auris\/","title":{"rendered":"Toyota Auris"},"content":{"rendered":"<p class=\"\" style=\"color: #000000\" data-start=\"71\" data-end=\"140\"><strong data-start=\"71\" data-end=\"140\">Toyota Auris 2013 - Automat, 132 hk - Bekv\u00e4m och p\u00e5litlig!<\/strong><\/p>\n<p class=\"\" style=\"color: #000000\" data-start=\"142\" data-end=\"431\">H\u00e4r \u00e4r din chans att hyra en mycket trevlig och v\u00e4l underh\u00e5llen<span class=\"Apple-converted-space\">\u00a0<\/span><strong data-start=\"201\" data-end=\"234\">Toyota Auris, modell\u00e5r 2013<\/strong>.<br data-start=\"235\" data-end=\"238\" \/>Bilen \u00e4r utrustad med en<span class=\"Apple-converted-space\">\u00a0<\/span><strong data-start=\"257\" data-end=\"295\">pigg bensinmotor med 132 h\u00e4stkrafter<\/strong><span class=\"Apple-converted-space\">\u00a0<\/span>kombinerat med en<span class=\"Apple-converted-space\">\u00a0<\/span><strong data-start=\"313\" data-end=\"339\">automatisk v\u00e4xell\u00e5da<\/strong>vilket g\u00f6r varje resa smidig och behaglig - perfekt f\u00f6r b\u00e5de stadsk\u00f6rning och l\u00e4ngre resor.<\/p>\n<p class=\"\" style=\"color: #000000\" data-start=\"433\" data-end=\"565\">\u2714\ufe0f Bekv\u00e4m att k\u00f6ra<br data-start=\"456\" data-end=\"459\" \/>\u2714\ufe0f Automatisk v\u00e4xell\u00e5da<br data-start=\"484\" data-end=\"487\" \/>\u2714\ufe0f Bensinmotor<br data-start=\"503\" data-end=\"506\" \/>\u2714\ufe0f Rymlig och praktisk<br data-start=\"531\" data-end=\"534\" \/>\u2714\ufe0f V\u00e4l underh\u00e5llen och p\u00e5litlig<\/p>\n<p class=\"\" style=\"color: #000000\" data-start=\"567\" data-end=\"705\">Perfekt f\u00f6r weekendresor, \u00e4renden i stan eller som ett tillf\u00e4lligt ers\u00e4ttningsfordon. H\u00f6r g\u00e4rna av dig om du har n\u00e5gra fr\u00e5gor eller vill boka!<\/p>","protected":false},"author":81,"template":"","listivo_5495":["Vehicle"],"listivo_14303":["Car"],"listivo_14297":["Toyota"],"listivo_14311":[],"listivo_14299":["Combi"],"listivo_14298":["2013"],"listivo_14300":["Automatic"],"listivo_14301":["Gas"],"listivo_14305":["Pick Up at Loction"],"listivo_14307":["Costa Blanca Area"],"listivo_14309":["Air Conditioner","Bluetooth AUX \/ USB","Child Seat","Cruise Control"],"listivo_14310":[],"listivo_14":[],"listivo_11876":[],"listivo_9508":[],"listivo_12010":[],"listivo_12008":[],"listivo_4661":[],"listivo_11882":["English","Norwegian","Swedish"],"listivo_12017":[],"listivo_12018":[],"class_list":["post-14490","listivo_listing","type-listivo_listing","status-publish","hentry","listivo_5495-vehicle","listivo_14303-car","listivo_14297-toyota","listivo_14299-combi","listivo_14298-615","listivo_14300-automatic","listivo_14301-gas","listivo_14305-pick-up-at-loction","listivo_14307-costa-blanca-area","listivo_14309-air-conditioner","listivo_14309-bluetooth-aux-usb","listivo_14309-child-seat","listivo_14309-cruise-control","listivo_11882-english","listivo_11882-norwegian","listivo_11882-swedish"],"acf":[],"listivo_12212":["3"],"listivo_14304":["100"],"listivo_14306":["5"],"listivo_14308":["26"],"listivo_11786":[],"listivo_5463":[],"listivo_12019":[],"listivo_340":[],"listivo_11980":[],"listivo_145":["https:\/\/www.torreviejarentals.es\/wp-content\/uploads\/2025\/04\/Skarmavbild-2025-04-15-kl.-17.28.12.png","https:\/\/www.torreviejarentals.es\/wp-content\/uploads\/2025\/04\/Skarmavbild-2025-04-15-kl.-17.27.10.png","https:\/\/www.torreviejarentals.es\/wp-content\/uploads\/2025\/04\/Skarmavbild-2025-04-15-kl.-17.27.21.png","https:\/\/www.torreviejarentals.es\/wp-content\/uploads\/2025\/04\/Skarmavbild-2025-04-12-kl.-16.33.56-2.png"],"listivo_344":[],"listivo_345":{"url":"","embed":""},"listivo_153":{"address":"C. La Marina, 03185 Torrevieja, Alicante, Spain","location":{"lat":37.9733995,"lng":-0.6981929}},"listivo_11704":[],"listivo_11750":["14417"],"listivo_11885":["{\"reserved\":{\"4\":{\"from\":1770163200000,\"to\":1798675200000,\"name\":\"Eget bruk\",\"note\":\"\",\"price\":\"\",\"phone\":\"\",\"email\":\"\"}},\"low-season\":{\"3\":{\"from\":1756684800000,\"to\":1780185600000,\"price\":\"30\",\"deposit\":\"\",\"priceWeek\":\"180\",\"priceMonth\":\"540\"}},\"high-season\":{\"2\":{\"from\":1780272000000,\"to\":1790726400000,\"price\":\"40\",\"deposit\":\"\",\"priceWeek\":\"240\",\"priceMonth\":\"720\"}}}"],"listivo_5974":["Price from:  \u20ac30 \/day"],"listivo_11948":[],"listivo_11949":[],"_links":{"self":[{"href":"https:\/\/www.torreviejarentals.es\/sv\/wp-json\/wp\/v2\/listings\/14490","targetHints":{"allow":["GET"]}}],"collection":[{"href":"https:\/\/www.torreviejarentals.es\/sv\/wp-json\/wp\/v2\/listings"}],"about":[{"href":"https:\/\/www.torreviejarentals.es\/sv\/wp-json\/wp\/v2\/types\/listivo_listing"}],"author":[{"embeddable":true,"href":"https:\/\/www.torreviejarentals.es\/sv\/wp-json\/wp\/v2\/users\/81"}],"wp:attachment":[{"href":"https:\/\/www.torreviejarentals.es\/sv\/wp-json\/wp\/v2\/media?parent=14490"}],"wp:term":[{"taxonomy":"listivo_5495","embeddable":true,"href":"https:\/\/www.torreviejarentals.es\/sv\/wp-json\/wp\/v2\/listivo_5495?post=14490"},{"taxonomy":"listivo_14303","embeddable":true,"href":"https:\/\/www.torreviejarentals.es\/sv\/wp-json\/wp\/v2\/listivo_14303?post=14490"},{"taxonomy":"listivo_14297","embeddable":true,"href":"https:\/\/www.torreviejarentals.es\/sv\/wp-json\/wp\/v2\/listivo_14297?post=14490"},{"taxonomy":"listivo_14311","embeddable":true,"href":"https:\/\/www.torreviejarentals.es\/sv\/wp-json\/wp\/v2\/listivo_14311?post=14490"},{"taxonomy":"listivo_14299","embeddable":true,"href":"https:\/\/www.torreviejarentals.es\/sv\/wp-json\/wp\/v2\/listivo_14299?post=14490"},{"taxonomy":"listivo_14298","embeddable":true,"href":"https:\/\/www.torreviejarentals.es\/sv\/wp-json\/wp\/v2\/listivo_14298?post=14490"},{"taxonomy":"listivo_14300","embeddable":true,"href":"https:\/\/www.torreviejarentals.es\/sv\/wp-json\/wp\/v2\/listivo_14300?post=14490"},{"taxonomy":"listivo_14301","embeddable":true,"href":"https:\/\/www.torreviejarentals.es\/sv\/wp-json\/wp\/v2\/listivo_14301?post=14490"},{"taxonomy":"listivo_14305","embeddable":true,"href":"https:\/\/www.torreviejarentals.es\/sv\/wp-json\/wp\/v2\/listivo_14305?post=14490"},{"taxonomy":"listivo_14307","embeddable":true,"href":"https:\/\/www.torreviejarentals.es\/sv\/wp-json\/wp\/v2\/listivo_14307?post=14490"},{"taxonomy":"listivo_14309","embeddable":true,"href":"https:\/\/www.torreviejarentals.es\/sv\/wp-json\/wp\/v2\/listivo_14309?post=14490"},{"taxonomy":"listivo_14310","embeddable":true,"href":"https:\/\/www.torreviejarentals.es\/sv\/wp-json\/wp\/v2\/listivo_14310?post=14490"},{"taxonomy":"listivo_14","embeddable":true,"href":"https:\/\/www.torreviejarentals.es\/sv\/wp-json\/wp\/v2\/listivo_14?post=14490"},{"taxonomy":"listivo_11876","embeddable":true,"href":"https:\/\/www.torreviejarentals.es\/sv\/wp-json\/wp\/v2\/listivo_11876?post=14490"},{"taxonomy":"listivo_9508","embeddable":true,"href":"https:\/\/www.torreviejarentals.es\/sv\/wp-json\/wp\/v2\/listivo_9508?post=14490"},{"taxonomy":"listivo_12010","embeddable":true,"href":"https:\/\/www.torreviejarentals.es\/sv\/wp-json\/wp\/v2\/listivo_12010?post=14490"},{"taxonomy":"listivo_12008","embeddable":true,"href":"https:\/\/www.torreviejarentals.es\/sv\/wp-json\/wp\/v2\/listivo_12008?post=14490"},{"taxonomy":"listivo_4661","embeddable":true,"href":"https:\/\/www.torreviejarentals.es\/sv\/wp-json\/wp\/v2\/listivo_4661?post=14490"},{"taxonomy":"listivo_11882","embeddable":true,"href":"https:\/\/www.torreviejarentals.es\/sv\/wp-json\/wp\/v2\/listivo_11882?post=14490"},{"taxonomy":"listivo_12017","embeddable":true,"href":"https:\/\/www.torreviejarentals.es\/sv\/wp-json\/wp\/v2\/listivo_12017?post=14490"},{"taxonomy":"listivo_12018","embeddable":true,"href":"https:\/\/www.torreviejarentals.es\/sv\/wp-json\/wp\/v2\/listivo_12018?post=14490"}],"curies":[{"name":"wp","href":"https:\/\/api.w.org\/{rel}","templated":true}]}}

<p class="" style="color: #000000" data-start="71" data-end="140"><strong data-start="71" data-end="140">Toyota Auris 2013 - Automat, 132 hk - Bekväm och pålitlig!</strong></p>
<p class="" style="color: #000000" data-start="142" data-end="431">Här är din chans att hyra en mycket trevlig och väl underhållen<span class="Apple-converted-space"> </span><strong data-start="201" data-end="234">Toyota Auris, modellår 2013</strong>.<br data-start="235" data-end="238" />Bilen är utrustad med en<span class="Apple-converted-space"> </span><strong data-start="257" data-end="295">pigg bensinmotor med 132 hästkrafter</strong><span class="Apple-converted-space"> </span>kombinerat med en<span class="Apple-converted-space"> </span><strong data-start="313" data-end="339">automatisk växellåda</strong>vilket gör varje resa smidig och behaglig - perfekt för både stadskörning och längre resor.</p>
<p class="" style="color: #000000" data-start="433" data-end="565">✔️ Bekväm att köra<br data-start="456" data-end="459" />✔️ Automatisk växellåda<br data-start="484" data-end="487" />✔️ Bensinmotor<br data-start="503" data-end="506" />✔️ Rymlig och praktisk<br data-start="531" data-end="534" />✔️ Väl underhållen och pålitlig</p>
<p class="" style="color: #000000" data-start="567" data-end="705">Perfekt för weekendresor, ärenden i stan eller som ett tillfälligt ersättningsfordon. Hör gärna av dig om du har några frågor eller vill boka!</p>
