{"id":14754,"date":"2025-05-22T14:39:21","date_gmt":"2025-05-22T12:39:21","guid":{"rendered":"https:\/\/www.torreviejarentals.es\/?post_type=listivo_listing&#038;p=14754"},"modified":"2025-11-26T17:33:49","modified_gmt":"2025-11-26T15:33:49","slug":"torrevieja-navamares-corner-apartment-facing-the-sea","status":"publish","type":"listivo_listing","link":"https:\/\/www.torreviejarentals.es\/sv\/listing\/torrevieja-navamares-corner-apartment-facing-the-sea\/","title":{"rendered":"H\u00f6rnl\u00e4genhet med utsikt \u00f6ver havet"},"content":{"rendered":"<p class=\"\" style=\"color: #000000;\" data-start=\"44\" data-end=\"420\"><span style=\"color: #000000;\"><strong data-start=\"44\" data-end=\"135\">H\u00f6rnl\u00e4genhet med havsutsikt i Torrevieja<\/strong><\/span><br data-start=\"135\" data-end=\"138\" \/><span style=\"color: #000000;\">H\u00e4r \u00e4r du omgiven av stranden, ett poolomr\u00e5de och huvudgatan in till centrum med dess olika butiker, restauranger och tj\u00e4nster. L\u00e4genheten ligger i bostadsomr\u00e5det NaveMares 2, p\u00e5 8:e v\u00e5ningen, 95 kvm, med 3 sovrum, till varje sovrum h\u00f6r 2 sovplatser. Sovplatser 6+2.<\/span><\/p>\n<p class=\"\" data-start=\"423\" data-end=\"452\"><span style=\"color: #000000;\"><strong data-start=\"423\" data-end=\"437\">Sovrum 1:<\/strong><span class=\"Apple-converted-space\">\u00a0<\/span>1 dubbels\u00e4ng<\/span><\/p>\n<p class=\"\" data-start=\"455\" data-end=\"485\"><span style=\"color: #000000;\"><strong data-start=\"455\" data-end=\"469\">Sovrum 2:<\/strong><span class=\"Apple-converted-space\">\u00a0<\/span>2 enkels\u00e4ngar<\/span><\/p>\n<p class=\"\" data-start=\"488\" data-end=\"552\"><span style=\"color: #000000;\"><strong data-start=\"488\" data-end=\"502\">Sovrum 3:<\/strong><span class=\"Apple-converted-space\">\u00a0<\/span>Familjes\u00e4ng (bred nedre s\u00e4ng + \u00f6vre v\u00e5ningss\u00e4ng + spj\u00e4ls\u00e4ng)<\/span><\/p>\n<p class=\"\" style=\"color: #000000;\" data-start=\"554\" data-end=\"1188\"><span style=\"color: #000000;\"><strong data-start=\"554\" data-end=\"565\">K\u00f6k<\/strong><span class=\"Apple-converted-space\">\u00a0<\/span>inkluderar spis\/ugn, kyl\/frys, diskmaskin, mikrov\u00e5gsugn, kaffebryggare och br\u00f6drost. K\u00f6ksutrustning f\u00f6r 8 personer.<\/span><br data-start=\"680\" data-end=\"683\" \/><span style=\"color: #000000;\"><strong data-start=\"683\" data-end=\"699\">Tv\u00e4ttstuga<\/strong><span class=\"Apple-converted-space\">\u00a0<\/span>med tv\u00e4ttmaskin och handfat.<\/span><br data-start=\"730\" data-end=\"733\" \/><span style=\"color: #000000;\"><strong data-start=\"733\" data-end=\"748\" data-is-only-node=\"\">2 badrum<\/strong><span class=\"Apple-converted-space\">\u00a0<\/span>med dusch och toalett.<\/span><br data-start=\"772\" data-end=\"775\" \/><span style=\"color: #000000;\"><strong data-start=\"775\" data-end=\"790\">Vardagsrum<\/strong><span class=\"Apple-converted-space\">\u00a0<\/span>med b\u00e4ddsoffa (+2 b\u00e4ddar), matbord, platt-TV med alla skandinaviska TV-kanaler, Apple TV och en ansluten dator f\u00f6r streaming av SVT, TV4 Play m.m.<\/span><br data-start=\"953\" data-end=\"956\" \/><span style=\"color: #000000;\"><strong data-start=\"956\" data-end=\"972\">Ljudanl\u00e4ggning<\/strong><span class=\"Apple-converted-space\">\u00a0<\/span>med Sonos-h\u00f6gtalare f\u00f6r enkel musikstreaming och svensk radio via internet. AirPlay-funktion f\u00f6r uppspelning av musik via iPhone\/iPad.<\/span><br data-start=\"1104\" data-end=\"1107\" \/><span style=\"color: #000000;\"><strong data-start=\"1107\" data-end=\"1137\">2 stora slutna balkonger<\/strong><span class=\"Apple-converted-space\">\u00a0<\/span>med markiser. M\u00f6blerat f\u00f6r middagar och solbad.<\/span><\/p>\n<p class=\"\" data-start=\"98\" data-end=\"224\"><span style=\"color: #000000;\"><strong data-start=\"98\" data-end=\"140\">S\u00e4ngkl\u00e4der och handdukar f\u00f6r l\u00e4genheten<\/strong> (f\u00e5r inte anv\u00e4ndas p\u00e5 stranden) tillkommer en extra kostnad p\u00e5 <strong data-start=\"205\" data-end=\"223\">10 euro per person<\/strong>.<\/span><\/p>\n<p class=\"\" data-start=\"226\" data-end=\"448\"><span style=\"color: #000000;\"><strong data-start=\"226\" data-end=\"243\">Strandhanddukar:<\/strong> Det tillkommer en tv\u00e4ttavgift. <strong data-start=\"268\" data-end=\"327\">Handdukar fr\u00e5n l\u00e4genheten f\u00e5r INTE anv\u00e4ndas p\u00e5 stranden.<\/strong> Vi tillhandah\u00e5ller strandhanddukar p\u00e5 beg\u00e4ran, men st\u00e4df\u00f6retaget tar betalt f\u00f6r tv\u00e4tt. <strong data-start=\"412\" data-end=\"448\">Extra avgift p\u00e5 \u20ac4 per person.<\/strong><\/span><\/p>","protected":false},"author":114,"template":"","listivo_5495":["Holiday Rentals"],"listivo_14303":[],"listivo_14297":[],"listivo_14311":[],"listivo_14299":[],"listivo_14298":[],"listivo_14300":[],"listivo_14301":[],"listivo_14305":[],"listivo_14307":[],"listivo_14309":[],"listivo_14310":[],"listivo_14":["Apartments"],"listivo_11876":["Torrevieja"],"listivo_9508":[],"listivo_12010":["Air Conditioner","Bed Sheets","Elevator","Furnished","Scandinavian Channels","Sea View","Towels","TV","Washing Machine","Wi-Fi"],"listivo_12008":["Coffee Maker or Kettle","Kitchen Tools","Microwave","Oven","Refrigerator &amp; Freezer","Stove"],"listivo_4661":["Balcony\/Terrasse","Parking (Shared)","Pool (Shared)"],"listivo_11882":["English","Norwegian","Swedish"],"listivo_12017":["Smoking not allowed"],"listivo_12018":["Pets allowed"],"class_list":["post-14754","listivo_listing","type-listivo_listing","status-publish","hentry","listivo_5495-holiday-rentals","listivo_14-apartments","listivo_11876-torrevieja","listivo_12010-air-conditioner","listivo_12010-bed-sheets","listivo_12010-elevator","listivo_12010-furnished","listivo_12010-scandinavian-channels","listivo_12010-sea-view","listivo_12010-towels","listivo_12010-tv","listivo_12010-washing-machine","listivo_12010-wi-fi","listivo_12008-coffee-maker-or-kettle","listivo_12008-kitchen-tools","listivo_12008-microwave","listivo_12008-oven","listivo_12008-refrigerator-and-freezer","listivo_12008-stove","listivo_4661-balcony-terrasse","listivo_4661-parking-shared","listivo_4661-pool-shared","listivo_11882-english","listivo_11882-norwegian","listivo_11882-swedish","listivo_12017-smoking-not-allowed","listivo_12018-pets-allowed"],"acf":[],"listivo_12212":["3"],"listivo_14304":[],"listivo_14306":[],"listivo_14308":[],"listivo_11786":["8"],"listivo_5463":["2"],"listivo_12019":["3"],"listivo_340":["95 m\u00b2"],"listivo_11980":["125"],"listivo_145":["https:\/\/www.torreviejarentals.es\/wp-content\/uploads\/2025\/04\/Skarmavbild-2025-04-22-kl.-10.27.36.png","https:\/\/www.torreviejarentals.es\/wp-content\/uploads\/2025\/04\/Skarmavbild-2025-04-22-kl.-10.25.41.png","https:\/\/www.torreviejarentals.es\/wp-content\/uploads\/2025\/04\/Skarmavbild-2025-04-22-kl.-10.25.53.png","https:\/\/www.torreviejarentals.es\/wp-content\/uploads\/2025\/04\/Skarmavbild-2025-04-22-kl.-10.26.02.png","https:\/\/www.torreviejarentals.es\/wp-content\/uploads\/2025\/04\/Skarmavbild-2025-04-22-kl.-10.27.28.png","https:\/\/www.torreviejarentals.es\/wp-content\/uploads\/2025\/04\/Skarmavbild-2025-04-22-kl.-10.27.46.png","https:\/\/www.torreviejarentals.es\/wp-content\/uploads\/2025\/04\/Skarmavbild-2025-04-22-kl.-10.27.53.png","https:\/\/www.torreviejarentals.es\/wp-content\/uploads\/2025\/04\/Skarmavbild-2025-04-22-kl.-10.28.00.png","https:\/\/www.torreviejarentals.es\/wp-content\/uploads\/2025\/04\/Skarmavbild-2025-04-22-kl.-10.28.09.png","https:\/\/www.torreviejarentals.es\/wp-content\/uploads\/2025\/04\/Skarmavbild-2025-04-22-kl.-10.28.17.png","https:\/\/www.torreviejarentals.es\/wp-content\/uploads\/2025\/04\/Skarmavbild-2025-04-22-kl.-10.28.24.png","https:\/\/www.torreviejarentals.es\/wp-content\/uploads\/2025\/04\/Skarmavbild-2025-04-22-kl.-10.28.31.png","https:\/\/www.torreviejarentals.es\/wp-content\/uploads\/2025\/04\/Skarmavbild-2025-04-22-kl.-10.28.41.png","https:\/\/www.torreviejarentals.es\/wp-content\/uploads\/2025\/04\/Skarmavbild-2025-04-22-kl.-10.28.48.png","https:\/\/www.torreviejarentals.es\/wp-content\/uploads\/2025\/04\/2.png","https:\/\/www.torreviejarentals.es\/wp-content\/uploads\/2025\/04\/1.png","https:\/\/www.torreviejarentals.es\/wp-content\/uploads\/2025\/04\/Skarmavbild-2025-04-22-kl.-10.29.11.png","https:\/\/www.torreviejarentals.es\/wp-content\/uploads\/2025\/04\/Skarmavbild-2025-04-22-kl.-10.29.18.png","https:\/\/www.torreviejarentals.es\/wp-content\/uploads\/2025\/04\/Skarmavbild-2025-04-22-kl.-10.29.32.png"],"listivo_344":[],"listivo_345":{"url":"","embed":""},"listivo_153":{"address":"Av. Dr. Gregorio Mara\u00f1\u00f3n, 37, 03185 Torrevieja, Alicante, Spain","location":{"lat":37.9746326,"lng":-0.6919109}},"listivo_11704":[],"listivo_11750":["4209"],"listivo_11885":["{\"reserved\":{\"0\":{\"name\":\"\",\"note\":\"\",\"from\":1751241600000,\"to\":1754524800000,\"price\":\"\",\"phone\":\"\",\"email\":\"\"},\"1\":{\"name\":\"\",\"note\":\"\",\"from\":1755302400000,\"to\":1755907200000,\"price\":\"\",\"phone\":\"\",\"email\":\"\"},\"2\":{\"name\":\"\",\"note\":\"\",\"from\":1756512000000,\"to\":1757116800000,\"price\":\"\",\"phone\":\"\",\"email\":\"\"},\"3\":{\"name\":\"\",\"note\":\"\",\"from\":1757808000000,\"to\":1764374400000,\"price\":\"\",\"phone\":\"\",\"email\":\"\"},\"5\":{\"name\":\"\",\"note\":\"\",\"from\":1769904000000,\"to\":1773446400000,\"price\":\"\",\"phone\":\"\",\"email\":\"\"}},\"high-season\":{\"0\":{\"from\":1754006400000,\"to\":1755648000000,\"price\":\"205\",\"deposit\":\"\"},\"1\":{\"from\":1764547200000,\"to\":1791936000000,\"price\":\"272\",\"deposit\":\"\"}},\"low-season\":{\"0\":{\"from\":1745280000000,\"to\":1753920000000,\"price\":\"160\",\"deposit\":\"\"},\"1\":{\"from\":1755734400000,\"to\":1764460800000,\"price\":\"160\",\"deposit\":\"\"}}}"],"listivo_5974":["Price from:  \u20ac160 \/day"],"listivo_11948":[],"listivo_11949":[],"_links":{"self":[{"href":"https:\/\/www.torreviejarentals.es\/sv\/wp-json\/wp\/v2\/listings\/14754","targetHints":{"allow":["GET"]}}],"collection":[{"href":"https:\/\/www.torreviejarentals.es\/sv\/wp-json\/wp\/v2\/listings"}],"about":[{"href":"https:\/\/www.torreviejarentals.es\/sv\/wp-json\/wp\/v2\/types\/listivo_listing"}],"author":[{"embeddable":true,"href":"https:\/\/www.torreviejarentals.es\/sv\/wp-json\/wp\/v2\/users\/114"}],"wp:attachment":[{"href":"https:\/\/www.torreviejarentals.es\/sv\/wp-json\/wp\/v2\/media?parent=14754"}],"wp:term":[{"taxonomy":"listivo_5495","embeddable":true,"href":"https:\/\/www.torreviejarentals.es\/sv\/wp-json\/wp\/v2\/listivo_5495?post=14754"},{"taxonomy":"listivo_14303","embeddable":true,"href":"https:\/\/www.torreviejarentals.es\/sv\/wp-json\/wp\/v2\/listivo_14303?post=14754"},{"taxonomy":"listivo_14297","embeddable":true,"href":"https:\/\/www.torreviejarentals.es\/sv\/wp-json\/wp\/v2\/listivo_14297?post=14754"},{"taxonomy":"listivo_14311","embeddable":true,"href":"https:\/\/www.torreviejarentals.es\/sv\/wp-json\/wp\/v2\/listivo_14311?post=14754"},{"taxonomy":"listivo_14299","embeddable":true,"href":"https:\/\/www.torreviejarentals.es\/sv\/wp-json\/wp\/v2\/listivo_14299?post=14754"},{"taxonomy":"listivo_14298","embeddable":true,"href":"https:\/\/www.torreviejarentals.es\/sv\/wp-json\/wp\/v2\/listivo_14298?post=14754"},{"taxonomy":"listivo_14300","embeddable":true,"href":"https:\/\/www.torreviejarentals.es\/sv\/wp-json\/wp\/v2\/listivo_14300?post=14754"},{"taxonomy":"listivo_14301","embeddable":true,"href":"https:\/\/www.torreviejarentals.es\/sv\/wp-json\/wp\/v2\/listivo_14301?post=14754"},{"taxonomy":"listivo_14305","embeddable":true,"href":"https:\/\/www.torreviejarentals.es\/sv\/wp-json\/wp\/v2\/listivo_14305?post=14754"},{"taxonomy":"listivo_14307","embeddable":true,"href":"https:\/\/www.torreviejarentals.es\/sv\/wp-json\/wp\/v2\/listivo_14307?post=14754"},{"taxonomy":"listivo_14309","embeddable":true,"href":"https:\/\/www.torreviejarentals.es\/sv\/wp-json\/wp\/v2\/listivo_14309?post=14754"},{"taxonomy":"listivo_14310","embeddable":true,"href":"https:\/\/www.torreviejarentals.es\/sv\/wp-json\/wp\/v2\/listivo_14310?post=14754"},{"taxonomy":"listivo_14","embeddable":true,"href":"https:\/\/www.torreviejarentals.es\/sv\/wp-json\/wp\/v2\/listivo_14?post=14754"},{"taxonomy":"listivo_11876","embeddable":true,"href":"https:\/\/www.torreviejarentals.es\/sv\/wp-json\/wp\/v2\/listivo_11876?post=14754"},{"taxonomy":"listivo_9508","embeddable":true,"href":"https:\/\/www.torreviejarentals.es\/sv\/wp-json\/wp\/v2\/listivo_9508?post=14754"},{"taxonomy":"listivo_12010","embeddable":true,"href":"https:\/\/www.torreviejarentals.es\/sv\/wp-json\/wp\/v2\/listivo_12010?post=14754"},{"taxonomy":"listivo_12008","embeddable":true,"href":"https:\/\/www.torreviejarentals.es\/sv\/wp-json\/wp\/v2\/listivo_12008?post=14754"},{"taxonomy":"listivo_4661","embeddable":true,"href":"https:\/\/www.torreviejarentals.es\/sv\/wp-json\/wp\/v2\/listivo_4661?post=14754"},{"taxonomy":"listivo_11882","embeddable":true,"href":"https:\/\/www.torreviejarentals.es\/sv\/wp-json\/wp\/v2\/listivo_11882?post=14754"},{"taxonomy":"listivo_12017","embeddable":true,"href":"https:\/\/www.torreviejarentals.es\/sv\/wp-json\/wp\/v2\/listivo_12017?post=14754"},{"taxonomy":"listivo_12018","embeddable":true,"href":"https:\/\/www.torreviejarentals.es\/sv\/wp-json\/wp\/v2\/listivo_12018?post=14754"}],"curies":[{"name":"wp","href":"https:\/\/api.w.org\/{rel}","templated":true}]}}

Hörnlägenhet med utsikt över havet

<p class="" style="color: #000000;" data-start="44" data-end="420"><span style="color: #000000;"><strong data-start="44" data-end="135">Hörnlägenhet med havsutsikt i Torrevieja</strong></span><br data-start="135" data-end="138" /><span style="color: #000000;">Här är du omgiven av stranden, ett poolområde och huvudgatan in till centrum med dess olika butiker, restauranger och tjänster. Lägenheten ligger i bostadsområdet NaveMares 2, på 8:e våningen, 95 kvm, med 3 sovrum, till varje sovrum hör 2 sovplatser. Sovplatser 6+2.</span></p>
<p class="" data-start="423" data-end="452"><span style="color: #000000;"><strong data-start="423" data-end="437">Sovrum 1:</strong><span class="Apple-converted-space"> </span>1 dubbelsäng</span></p>
<p class="" data-start="455" data-end="485"><span style="color: #000000;"><strong data-start="455" data-end="469">Sovrum 2:</strong><span class="Apple-converted-space"> </span>2 enkelsängar</span></p>
<p class="" data-start="488" data-end="552"><span style="color: #000000;"><strong data-start="488" data-end="502">Sovrum 3:</strong><span class="Apple-converted-space"> </span>Familjesäng (bred nedre säng + övre våningssäng + spjälsäng)</span></p>
<p class="" style="color: #000000;" data-start="554" data-end="1188"><span style="color: #000000;"><strong data-start="554" data-end="565">Kök</strong><span class="Apple-converted-space"> </span>inkluderar spis/ugn, kyl/frys, diskmaskin, mikrovågsugn, kaffebryggare och brödrost. Köksutrustning för 8 personer.</span><br data-start="680" data-end="683" /><span style="color: #000000;"><strong data-start="683" data-end="699">Tvättstuga</strong><span class="Apple-converted-space"> </span>med tvättmaskin och handfat.</span><br data-start="730" data-end="733" /><span style="color: #000000;"><strong data-start="733" data-end="748" data-is-only-node="">2 badrum</strong><span class="Apple-converted-space"> </span>med dusch och toalett.</span><br data-start="772" data-end="775" /><span style="color: #000000;"><strong data-start="775" data-end="790">Vardagsrum</strong><span class="Apple-converted-space"> </span>med bäddsoffa (+2 bäddar), matbord, platt-TV med alla skandinaviska TV-kanaler, Apple TV och en ansluten dator för streaming av SVT, TV4 Play m.m.</span><br data-start="953" data-end="956" /><span style="color: #000000;"><strong data-start="956" data-end="972">Ljudanläggning</strong><span class="Apple-converted-space"> </span>med Sonos-högtalare för enkel musikstreaming och svensk radio via internet. AirPlay-funktion för uppspelning av musik via iPhone/iPad.</span><br data-start="1104" data-end="1107" /><span style="color: #000000;"><strong data-start="1107" data-end="1137">2 stora slutna balkonger</strong><span class="Apple-converted-space"> </span>med markiser. Möblerat för middagar och solbad.</span></p>
<p class="" data-start="98" data-end="224"><span style="color: #000000;"><strong data-start="98" data-end="140">Sängkläder och handdukar för lägenheten</strong> (får inte användas på stranden) tillkommer en extra kostnad på <strong data-start="205" data-end="223">10 euro per person</strong>.</span></p>
<p class="" data-start="226" data-end="448"><span style="color: #000000;"><strong data-start="226" data-end="243">Strandhanddukar:</strong> Det tillkommer en tvättavgift. <strong data-start="268" data-end="327">Handdukar från lägenheten får INTE användas på stranden.</strong> Vi tillhandahåller strandhanddukar på begäran, men städföretaget tar betalt för tvätt. <strong data-start="412" data-end="448">Extra avgift på €4 per person.</strong></span></p>

Av. Dr. Gregorio Marañón, 37, 03185 Torrevieja, Alicante, Spain
