{"id":14778,"date":"2025-05-22T14:39:20","date_gmt":"2025-05-22T12:39:20","guid":{"rendered":"https:\/\/www.torreviejarentals.es\/?post_type=listivo_listing&#038;p=14778"},"modified":"2025-11-26T17:37:39","modified_gmt":"2025-11-26T15:37:39","slug":"navamares-south-facing-3-bedrooms-9th-floor","status":"publish","type":"listivo_listing","link":"https:\/\/www.torreviejarentals.es\/sv\/listing\/navamares-south-facing-3-bedrooms-9th-floor\/","title":{"rendered":"S\u00f6derl\u00e4ge 3 sovrum 9:e v\u00e5ningen"},"content":{"rendered":"<p class=\"\" style=\"color: #000000;\" data-start=\"44\" data-end=\"429\"><span style=\"color: #000000;\"><strong data-start=\"44\" data-end=\"135\">L\u00e4genhet bel\u00e4gen h\u00f6gt upp och centralt i den s\u00f6dra delen av Torrevieja centrum, s\u00f6derl\u00e4ge 3 sovrum 9: e v\u00e5ningen.<\/strong><\/span><br data-start=\"135\" data-end=\"138\" \/><span style=\"color: #000000;\">H\u00e4r \u00e4r du omgiven av stranden, ett poolomr\u00e5de och huvudgatan in till centrum med sitt breda utbud av butiker, restauranger och tj\u00e4nster. L\u00e4genheten ligger i bostadsomr\u00e5det NaveMares 2, p\u00e5 9:e och \u00f6versta v\u00e5ningen, 95 kvm, med 3 sovrum, till varje sovrum h\u00f6r 2 sovplatser. Sovplatser f\u00f6r 6 personer.<\/span><\/p>\n<p class=\"\" data-start=\"432\" data-end=\"470\"><span style=\"color: #000000;\"><strong data-start=\"432\" data-end=\"446\">Sovrum 1:<\/strong><span class=\"Apple-converted-space\">\u00a0<\/span>1 dubbels\u00e4ng (160 cm)<\/span><\/p>\n<p class=\"\" data-start=\"473\" data-end=\"503\"><span style=\"color: #000000;\"><strong data-start=\"473\" data-end=\"487\">Sovrum 2:<\/strong><span class=\"Apple-converted-space\">\u00a0<\/span>2 enkels\u00e4ngar<\/span><\/p>\n<p class=\"\" data-start=\"506\" data-end=\"544\"><span style=\"color: #000000;\"><strong data-start=\"506\" data-end=\"520\">Sovrum 3:<\/strong><span class=\"Apple-converted-space\">\u00a0<\/span>1 dubbels\u00e4ng (140 cm)<\/span><\/p>\n<p class=\"\" style=\"color: #000000;\" data-start=\"546\" data-end=\"1111\"><span style=\"color: #000000;\"><strong data-start=\"546\" data-end=\"585\">Vardagsrum med \u00f6ppen planl\u00f6sning mot k\u00f6ket.<\/strong><\/span><br data-start=\"585\" data-end=\"588\" \/><span style=\"color: #000000;\"><strong data-start=\"588\" data-end=\"599\">K\u00f6k<\/strong><span class=\"Apple-converted-space\">\u00a0<\/span>utrustat med spish\u00e4ll\/ugn, kyl\/frys, diskmaskin, mikrov\u00e5gsugn, kaffebryggare och br\u00f6drost. K\u00f6ksutrustning f\u00f6r 8 personer.<\/span><br data-start=\"720\" data-end=\"723\" \/><span style=\"color: #000000;\"><strong data-start=\"723\" data-end=\"737\">1 badrum<\/strong><span class=\"Apple-converted-space\">\u00a0<\/span>med dusch\/toalett.<\/span><br data-start=\"757\" data-end=\"760\" \/><span style=\"color: #000000;\"><strong data-start=\"760\" data-end=\"778\">1 separat WC.<\/strong><\/span><br data-start=\"778\" data-end=\"781\" \/><span style=\"color: #000000;\"><strong data-start=\"781\" data-end=\"797\">Tv\u00e4ttstuga<\/strong><span class=\"Apple-converted-space\">\u00a0<\/span>med tv\u00e4ttmaskin.<\/span><br data-start=\"819\" data-end=\"822\" \/><span style=\"color: #000000;\"><strong data-start=\"822\" data-end=\"837\">Vardagsrum<\/strong><span class=\"Apple-converted-space\">\u00a0<\/span>med soffa och bord, platt-tv med spanska kanaler och Chromecast f\u00f6r svenska streamingtj\u00e4nster.<\/span><br data-start=\"942\" data-end=\"945\" \/><span style=\"color: #000000;\"><strong data-start=\"945\" data-end=\"961\">Ljudanl\u00e4ggning<\/strong><span class=\"Apple-converted-space\">\u00a0<\/span>med Sonos-h\u00f6gtalare f\u00f6r enkel streaming av musik och svensk radio via internet.<\/span><br data-start=\"1044\" data-end=\"1047\" \/><span style=\"color: #000000;\"><strong data-start=\"1047\" data-end=\"1073\">Stor sluten balkong<\/strong>, m\u00f6blerad f\u00f6r middagar och solbad.<\/span><\/p>\n<p class=\"\" data-start=\"98\" data-end=\"224\"><span style=\"color: #000000;\"><strong data-start=\"98\" data-end=\"140\">S\u00e4ngkl\u00e4der och handdukar f\u00f6r l\u00e4genheten<\/strong> (f\u00e5r inte anv\u00e4ndas p\u00e5 stranden) tillkommer en extra kostnad p\u00e5 <strong data-start=\"205\" data-end=\"223\">10 euro per person<\/strong>.<\/span><\/p>\n<p class=\"\" data-start=\"226\" data-end=\"448\"><span style=\"color: #000000;\"><strong data-start=\"226\" data-end=\"243\">Strandhanddukar:<\/strong> Det tillkommer en tv\u00e4ttavgift. <strong data-start=\"268\" data-end=\"327\">Handdukar fr\u00e5n l\u00e4genheten f\u00e5r INTE anv\u00e4ndas p\u00e5 stranden.<\/strong> Vi tillhandah\u00e5ller strandhanddukar p\u00e5 beg\u00e4ran, men st\u00e4df\u00f6retaget tar betalt f\u00f6r tv\u00e4tt. <strong data-start=\"412\" data-end=\"448\">Extra avgift p\u00e5 \u20ac4 per person.<\/strong><\/span><\/p>","protected":false},"author":114,"template":"","listivo_5495":["Holiday Rentals"],"listivo_14303":[],"listivo_14297":[],"listivo_14311":[],"listivo_14299":[],"listivo_14298":[],"listivo_14300":[],"listivo_14301":[],"listivo_14305":[],"listivo_14307":[],"listivo_14309":[],"listivo_14310":[],"listivo_14":["Apartments"],"listivo_11876":["Torrevieja"],"listivo_9508":[],"listivo_12010":["Air Conditioner","Bed Sheets","Elevator","Furnished","Scandinavian Channels","Sea View","Towels","TV","Washing Machine","Wi-Fi"],"listivo_12008":["Coffee Maker or Kettle","Kitchen Tools","Microwave","Oven","Refrigerator &amp; Freezer","Stove"],"listivo_4661":["Balcony\/Terrasse","Parking (Shared)","Pool (Shared)"],"listivo_11882":["English","Norwegian","Swedish"],"listivo_12017":["Smoking not allowed"],"listivo_12018":["Pets not allowed"],"class_list":["post-14778","listivo_listing","type-listivo_listing","status-publish","hentry","listivo_5495-holiday-rentals","listivo_14-apartments","listivo_11876-torrevieja","listivo_12010-air-conditioner","listivo_12010-bed-sheets","listivo_12010-elevator","listivo_12010-furnished","listivo_12010-scandinavian-channels","listivo_12010-sea-view","listivo_12010-towels","listivo_12010-tv","listivo_12010-washing-machine","listivo_12010-wi-fi","listivo_12008-coffee-maker-or-kettle","listivo_12008-kitchen-tools","listivo_12008-microwave","listivo_12008-oven","listivo_12008-refrigerator-and-freezer","listivo_12008-stove","listivo_4661-balcony-terrasse","listivo_4661-parking-shared","listivo_4661-pool-shared","listivo_11882-english","listivo_11882-norwegian","listivo_11882-swedish","listivo_12017-smoking-not-allowed","listivo_12018-pets-not-allowed"],"acf":[],"listivo_12212":["3"],"listivo_14304":[],"listivo_14306":[],"listivo_14308":[],"listivo_11786":["6"],"listivo_5463":["2"],"listivo_12019":["3"],"listivo_340":["95 m\u00b2"],"listivo_11980":["125"],"listivo_145":["https:\/\/www.torreviejarentals.es\/wp-content\/uploads\/2025\/04\/Skarmavbild-2025-04-22-kl.-11.27.40.png","https:\/\/www.torreviejarentals.es\/wp-content\/uploads\/2025\/04\/Skarmavbild-2025-04-22-kl.-11.27.50.png","https:\/\/www.torreviejarentals.es\/wp-content\/uploads\/2025\/04\/Skarmavbild-2025-04-22-kl.-11.27.58.png","https:\/\/www.torreviejarentals.es\/wp-content\/uploads\/2025\/04\/Skarmavbild-2025-04-22-kl.-11.28.05.png","https:\/\/www.torreviejarentals.es\/wp-content\/uploads\/2025\/04\/Skarmavbild-2025-04-22-kl.-11.28.14.png","https:\/\/www.torreviejarentals.es\/wp-content\/uploads\/2025\/04\/Skarmavbild-2025-04-22-kl.-11.28.22.png","https:\/\/www.torreviejarentals.es\/wp-content\/uploads\/2025\/04\/Skarmavbild-2025-04-22-kl.-11.28.30.png","https:\/\/www.torreviejarentals.es\/wp-content\/uploads\/2025\/04\/Skarmavbild-2025-04-22-kl.-11.28.46.png","https:\/\/www.torreviejarentals.es\/wp-content\/uploads\/2025\/04\/Skarmavbild-2025-04-22-kl.-11.28.59.png","https:\/\/www.torreviejarentals.es\/wp-content\/uploads\/2025\/04\/Skarmavbild-2025-04-22-kl.-11.29.47.png","https:\/\/www.torreviejarentals.es\/wp-content\/uploads\/2025\/04\/Skarmavbild-2025-04-22-kl.-11.30.20.png","https:\/\/www.torreviejarentals.es\/wp-content\/uploads\/2025\/04\/Skarmavbild-2025-04-22-kl.-11.30.32.png","https:\/\/www.torreviejarentals.es\/wp-content\/uploads\/2025\/04\/Skarmavbild-2025-04-22-kl.-11.30.48.png","https:\/\/www.torreviejarentals.es\/wp-content\/uploads\/2025\/04\/Skarmavbild-2025-04-22-kl.-11.31.01.png","https:\/\/www.torreviejarentals.es\/wp-content\/uploads\/2025\/04\/Skarmavbild-2025-04-22-kl.-11.31.18.png","https:\/\/www.torreviejarentals.es\/wp-content\/uploads\/2025\/04\/Skarmavbild-2025-04-22-kl.-11.32.03.png"],"listivo_344":[],"listivo_345":{"url":"","embed":""},"listivo_153":{"address":"Av. Dr. Gregorio Mara\u00f1\u00f3n, 39, 03185 Torrevieja, Alicante, Spain","location":{"lat":37.9743095,"lng":-0.6921816}},"listivo_11704":[],"listivo_11750":["4209"],"listivo_11885":["{\"reserved\":{\"1\":{\"name\":\"\",\"note\":\"\",\"from\":1753660800000,\"to\":1754352000000,\"price\":\"\",\"phone\":\"\",\"email\":\"\"},\"2\":{\"name\":\"\",\"note\":\"\",\"from\":1757635200000,\"to\":1758844800000,\"price\":\"\",\"phone\":\"\",\"email\":\"\"},\"3\":{\"name\":\"\",\"note\":\"\",\"from\":1759276800000,\"to\":1780099200000,\"price\":\"\",\"phone\":\"\",\"email\":\"\"}},\"low-season\":{\"0\":{\"from\":1745280000000,\"to\":1750723200000,\"price\":\"110\",\"deposit\":\"\"},\"1\":{\"from\":1756252800000,\"to\":1777507200000,\"price\":\"110\",\"deposit\":\"\"}},\"high-season\":{\"0\":{\"from\":1750809600000,\"to\":1756166400000,\"price\":\"164\",\"deposit\":\"\"},\"1\":{\"from\":1777593600000,\"to\":1791936000000,\"price\":\"272\",\"deposit\":\"\"}}}"],"listivo_5974":["Price from:  \u20ac110 \/day"],"listivo_11948":[],"listivo_11949":[],"_links":{"self":[{"href":"https:\/\/www.torreviejarentals.es\/sv\/wp-json\/wp\/v2\/listings\/14778","targetHints":{"allow":["GET"]}}],"collection":[{"href":"https:\/\/www.torreviejarentals.es\/sv\/wp-json\/wp\/v2\/listings"}],"about":[{"href":"https:\/\/www.torreviejarentals.es\/sv\/wp-json\/wp\/v2\/types\/listivo_listing"}],"author":[{"embeddable":true,"href":"https:\/\/www.torreviejarentals.es\/sv\/wp-json\/wp\/v2\/users\/114"}],"wp:attachment":[{"href":"https:\/\/www.torreviejarentals.es\/sv\/wp-json\/wp\/v2\/media?parent=14778"}],"wp:term":[{"taxonomy":"listivo_5495","embeddable":true,"href":"https:\/\/www.torreviejarentals.es\/sv\/wp-json\/wp\/v2\/listivo_5495?post=14778"},{"taxonomy":"listivo_14303","embeddable":true,"href":"https:\/\/www.torreviejarentals.es\/sv\/wp-json\/wp\/v2\/listivo_14303?post=14778"},{"taxonomy":"listivo_14297","embeddable":true,"href":"https:\/\/www.torreviejarentals.es\/sv\/wp-json\/wp\/v2\/listivo_14297?post=14778"},{"taxonomy":"listivo_14311","embeddable":true,"href":"https:\/\/www.torreviejarentals.es\/sv\/wp-json\/wp\/v2\/listivo_14311?post=14778"},{"taxonomy":"listivo_14299","embeddable":true,"href":"https:\/\/www.torreviejarentals.es\/sv\/wp-json\/wp\/v2\/listivo_14299?post=14778"},{"taxonomy":"listivo_14298","embeddable":true,"href":"https:\/\/www.torreviejarentals.es\/sv\/wp-json\/wp\/v2\/listivo_14298?post=14778"},{"taxonomy":"listivo_14300","embeddable":true,"href":"https:\/\/www.torreviejarentals.es\/sv\/wp-json\/wp\/v2\/listivo_14300?post=14778"},{"taxonomy":"listivo_14301","embeddable":true,"href":"https:\/\/www.torreviejarentals.es\/sv\/wp-json\/wp\/v2\/listivo_14301?post=14778"},{"taxonomy":"listivo_14305","embeddable":true,"href":"https:\/\/www.torreviejarentals.es\/sv\/wp-json\/wp\/v2\/listivo_14305?post=14778"},{"taxonomy":"listivo_14307","embeddable":true,"href":"https:\/\/www.torreviejarentals.es\/sv\/wp-json\/wp\/v2\/listivo_14307?post=14778"},{"taxonomy":"listivo_14309","embeddable":true,"href":"https:\/\/www.torreviejarentals.es\/sv\/wp-json\/wp\/v2\/listivo_14309?post=14778"},{"taxonomy":"listivo_14310","embeddable":true,"href":"https:\/\/www.torreviejarentals.es\/sv\/wp-json\/wp\/v2\/listivo_14310?post=14778"},{"taxonomy":"listivo_14","embeddable":true,"href":"https:\/\/www.torreviejarentals.es\/sv\/wp-json\/wp\/v2\/listivo_14?post=14778"},{"taxonomy":"listivo_11876","embeddable":true,"href":"https:\/\/www.torreviejarentals.es\/sv\/wp-json\/wp\/v2\/listivo_11876?post=14778"},{"taxonomy":"listivo_9508","embeddable":true,"href":"https:\/\/www.torreviejarentals.es\/sv\/wp-json\/wp\/v2\/listivo_9508?post=14778"},{"taxonomy":"listivo_12010","embeddable":true,"href":"https:\/\/www.torreviejarentals.es\/sv\/wp-json\/wp\/v2\/listivo_12010?post=14778"},{"taxonomy":"listivo_12008","embeddable":true,"href":"https:\/\/www.torreviejarentals.es\/sv\/wp-json\/wp\/v2\/listivo_12008?post=14778"},{"taxonomy":"listivo_4661","embeddable":true,"href":"https:\/\/www.torreviejarentals.es\/sv\/wp-json\/wp\/v2\/listivo_4661?post=14778"},{"taxonomy":"listivo_11882","embeddable":true,"href":"https:\/\/www.torreviejarentals.es\/sv\/wp-json\/wp\/v2\/listivo_11882?post=14778"},{"taxonomy":"listivo_12017","embeddable":true,"href":"https:\/\/www.torreviejarentals.es\/sv\/wp-json\/wp\/v2\/listivo_12017?post=14778"},{"taxonomy":"listivo_12018","embeddable":true,"href":"https:\/\/www.torreviejarentals.es\/sv\/wp-json\/wp\/v2\/listivo_12018?post=14778"}],"curies":[{"name":"wp","href":"https:\/\/api.w.org\/{rel}","templated":true}]}}

Söderläge 3 sovrum 9:e våningen

<p class="" style="color: #000000;" data-start="44" data-end="429"><span style="color: #000000;"><strong data-start="44" data-end="135">Lägenhet belägen högt upp och centralt i den södra delen av Torrevieja centrum, söderläge 3 sovrum 9: e våningen.</strong></span><br data-start="135" data-end="138" /><span style="color: #000000;">Här är du omgiven av stranden, ett poolområde och huvudgatan in till centrum med sitt breda utbud av butiker, restauranger och tjänster. Lägenheten ligger i bostadsområdet NaveMares 2, på 9:e och översta våningen, 95 kvm, med 3 sovrum, till varje sovrum hör 2 sovplatser. Sovplatser för 6 personer.</span></p>
<p class="" data-start="432" data-end="470"><span style="color: #000000;"><strong data-start="432" data-end="446">Sovrum 1:</strong><span class="Apple-converted-space"> </span>1 dubbelsäng (160 cm)</span></p>
<p class="" data-start="473" data-end="503"><span style="color: #000000;"><strong data-start="473" data-end="487">Sovrum 2:</strong><span class="Apple-converted-space"> </span>2 enkelsängar</span></p>
<p class="" data-start="506" data-end="544"><span style="color: #000000;"><strong data-start="506" data-end="520">Sovrum 3:</strong><span class="Apple-converted-space"> </span>1 dubbelsäng (140 cm)</span></p>
<p class="" style="color: #000000;" data-start="546" data-end="1111"><span style="color: #000000;"><strong data-start="546" data-end="585">Vardagsrum med öppen planlösning mot köket.</strong></span><br data-start="585" data-end="588" /><span style="color: #000000;"><strong data-start="588" data-end="599">Kök</strong><span class="Apple-converted-space"> </span>utrustat med spishäll/ugn, kyl/frys, diskmaskin, mikrovågsugn, kaffebryggare och brödrost. Köksutrustning för 8 personer.</span><br data-start="720" data-end="723" /><span style="color: #000000;"><strong data-start="723" data-end="737">1 badrum</strong><span class="Apple-converted-space"> </span>med dusch/toalett.</span><br data-start="757" data-end="760" /><span style="color: #000000;"><strong data-start="760" data-end="778">1 separat WC.</strong></span><br data-start="778" data-end="781" /><span style="color: #000000;"><strong data-start="781" data-end="797">Tvättstuga</strong><span class="Apple-converted-space"> </span>med tvättmaskin.</span><br data-start="819" data-end="822" /><span style="color: #000000;"><strong data-start="822" data-end="837">Vardagsrum</strong><span class="Apple-converted-space"> </span>med soffa och bord, platt-tv med spanska kanaler och Chromecast för svenska streamingtjänster.</span><br data-start="942" data-end="945" /><span style="color: #000000;"><strong data-start="945" data-end="961">Ljudanläggning</strong><span class="Apple-converted-space"> </span>med Sonos-högtalare för enkel streaming av musik och svensk radio via internet.</span><br data-start="1044" data-end="1047" /><span style="color: #000000;"><strong data-start="1047" data-end="1073">Stor sluten balkong</strong>, möblerad för middagar och solbad.</span></p>
<p class="" data-start="98" data-end="224"><span style="color: #000000;"><strong data-start="98" data-end="140">Sängkläder och handdukar för lägenheten</strong> (får inte användas på stranden) tillkommer en extra kostnad på <strong data-start="205" data-end="223">10 euro per person</strong>.</span></p>
<p class="" data-start="226" data-end="448"><span style="color: #000000;"><strong data-start="226" data-end="243">Strandhanddukar:</strong> Det tillkommer en tvättavgift. <strong data-start="268" data-end="327">Handdukar från lägenheten får INTE användas på stranden.</strong> Vi tillhandahåller strandhanddukar på begäran, men städföretaget tar betalt för tvätt. <strong data-start="412" data-end="448">Extra avgift på €4 per person.</strong></span></p>

Av. Dr. Gregorio Marañón, 39, 03185 Torrevieja, Alicante, Spain
