{"id":14811,"date":"2025-05-22T14:28:11","date_gmt":"2025-05-22T12:28:11","guid":{"rendered":"https:\/\/www.torreviejarentals.es\/?post_type=listivo_listing&#038;p=14811"},"modified":"2025-11-26T17:39:18","modified_gmt":"2025-11-26T15:39:18","slug":"corner-apartment-4a","status":"publish","type":"listivo_listing","link":"https:\/\/www.torreviejarentals.es\/sv\/listing\/corner-apartment-4a\/","title":{"rendered":"H\u00f6rnl\u00e4genhet med utsikt \u00f6ver havet"},"content":{"rendered":"<p class=\"\" style=\"color: #000000;\" data-start=\"44\" data-end=\"483\"><strong>H\u00f6rnl\u00e4genhet med utsikt \u00f6ver havet<\/strong><br data-start=\"131\" data-end=\"134\" \/><span style=\"color: #000000;\">Centralt bel\u00e4get i s\u00f6dra delen av Torreviejas stadsk\u00e4rna. H\u00e4r \u00e4r du omgiven av stranden, ett poolomr\u00e5de och huvudgatan in till centrum med sitt breda utbud av butiker, restauranger och tj\u00e4nster. L\u00e4genheten ligger i bostadsomr\u00e5det NaveMares 2, p\u00e5 4: e v\u00e5ningen, 95 kvm, med 3 sovrum, alla med 2 sovplatser. Sovplatser 6.<\/span><\/p>\n<p class=\"\" data-start=\"487\" data-end=\"529\"><span style=\"color: #000000;\"><strong data-start=\"487\" data-end=\"501\">Sovrum 1:<\/strong><span class=\"Apple-converted-space\">\u00a0<\/span>1 dubbels\u00e4ng (180 cm), AC<\/span><\/p>\n<p class=\"\" data-start=\"532\" data-end=\"562\"><span style=\"color: #000000;\"><strong data-start=\"532\" data-end=\"546\">Sovrum 2:<\/strong><span class=\"Apple-converted-space\">\u00a0<\/span>2 enkels\u00e4ngar<\/span><\/p>\n<p class=\"\" data-start=\"565\" data-end=\"595\"><span style=\"color: #000000;\"><strong data-start=\"565\" data-end=\"579\">Sovrum 3:<\/strong><span class=\"Apple-converted-space\">\u00a0<\/span>2 enkels\u00e4ngar<\/span><\/p>\n<p class=\"\" style=\"color: #000000;\" data-start=\"597\" data-end=\"1129\"><span style=\"color: #000000;\"><strong data-start=\"597\" data-end=\"612\">Vardagsrum<\/strong><span class=\"Apple-converted-space\">\u00a0<\/span>med TV och sittgrupp. Tillg\u00e5ng till b\u00e5de en \u00f6ppen och en sluten balkong. AC.<\/span><br data-start=\"690\" data-end=\"693\" \/><span style=\"color: #000000;\"><strong data-start=\"693\" data-end=\"704\">K\u00f6k<\/strong><span class=\"Apple-converted-space\">\u00a0<\/span>med spish\u00e4ll\/ugn, kyl\/frys, diskmaskin, mikrov\u00e5gsugn, kaffebryggare och br\u00f6drost. K\u00f6ksutrustning f\u00f6r 8 personer.<\/span><br data-start=\"816\" data-end=\"819\" \/><span style=\"color: #000000;\"><strong data-start=\"819\" data-end=\"833\">1 badrum<\/strong><span class=\"Apple-converted-space\">\u00a0<\/span>med dusch\/toalett.<\/span><br data-start=\"853\" data-end=\"856\" data-is-only-node=\"\" \/><span style=\"color: #000000;\"><strong data-start=\"856\" data-end=\"874\">1 separat WC.<\/strong><\/span><br data-start=\"874\" data-end=\"877\" \/><span style=\"color: #000000;\"><strong data-start=\"877\" data-end=\"893\">Tv\u00e4ttstuga<\/strong><span class=\"Apple-converted-space\">\u00a0<\/span>med tv\u00e4ttmaskin.<\/span><br data-start=\"915\" data-end=\"918\" \/><span style=\"color: #000000;\"><strong data-start=\"918\" data-end=\"933\">Vardagsrum<\/strong><span class=\"Apple-converted-space\">\u00a0<\/span>med soffa och bord, platt-tv med spanska kanaler och Chromecast f\u00f6r svenska streamingtj\u00e4nster.<\/span><br data-start=\"1038\" data-end=\"1041\" \/><span style=\"color: #000000;\"><strong data-start=\"1041\" data-end=\"1060\">Fiber internet.<\/strong><\/span><br data-start=\"1060\" data-end=\"1063\" \/><span style=\"color: #000000;\"><strong data-start=\"1063\" data-end=\"1089\">Stor sluten balkong<\/strong>, m\u00f6blerad f\u00f6r middagar och solbad.<\/span><\/p>\n<p class=\"\" style=\"color: #000000;\" data-start=\"1131\" data-end=\"1275\"><span style=\"color: #000000;\">Stranden ligger bara 20 meter fr\u00e5n entr\u00e9n och n\u00e5s genom en grind.<\/span><br data-start=\"1205\" data-end=\"1208\" \/><span style=\"color: #000000;\">Stor pool direkt vid entr\u00e9n, \u00f6ppen under sommars\u00e4songen.<\/span><\/p>\n<p class=\"\" data-start=\"98\" data-end=\"224\"><span style=\"color: #000000;\"><strong data-start=\"98\" data-end=\"140\">S\u00e4ngkl\u00e4der och handdukar f\u00f6r l\u00e4genheten<\/strong> (f\u00e5r inte anv\u00e4ndas p\u00e5 stranden) tillkommer en extra kostnad p\u00e5 <strong data-start=\"205\" data-end=\"223\">10 euro per person<\/strong>.<\/span><\/p>\n<p class=\"\" data-start=\"226\" data-end=\"448\"><span style=\"color: #000000;\"><strong data-start=\"226\" data-end=\"243\">Strandhanddukar:<\/strong> Det tillkommer en tv\u00e4ttavgift. <strong data-start=\"268\" data-end=\"327\">Handdukar fr\u00e5n l\u00e4genheten f\u00e5r INTE anv\u00e4ndas p\u00e5 stranden.<\/strong> Vi tillhandah\u00e5ller strandhanddukar p\u00e5 beg\u00e4ran, men st\u00e4df\u00f6retaget tar betalt f\u00f6r tv\u00e4tt. <strong data-start=\"412\" data-end=\"448\">Extra avgift p\u00e5 \u20ac4 per person.<\/strong><\/span><\/p>","protected":false},"author":114,"template":"","listivo_5495":["Holiday Rentals"],"listivo_14303":[],"listivo_14297":[],"listivo_14311":[],"listivo_14299":[],"listivo_14298":[],"listivo_14300":[],"listivo_14301":[],"listivo_14305":[],"listivo_14307":[],"listivo_14309":[],"listivo_14310":[],"listivo_14":["Apartments"],"listivo_11876":["Torrevieja"],"listivo_9508":[],"listivo_12010":["Air Conditioner","Bed Sheets","Elevator","Furnished","Scandinavian Channels","Sea View","Towels","TV","Washing Machine","Wi-Fi"],"listivo_12008":["Coffee Maker or Kettle","Kitchen Tools","Microwave","Oven","Refrigerator &amp; Freezer","Stove"],"listivo_4661":["Balcony\/Terrasse","Parking (Shared)","Pool (Shared)"],"listivo_11882":["English","Norwegian","Swedish"],"listivo_12017":["Smoking not allowed"],"listivo_12018":["Pets allowed"],"class_list":["post-14811","listivo_listing","type-listivo_listing","status-publish","hentry","listivo_5495-holiday-rentals","listivo_14-apartments","listivo_11876-torrevieja","listivo_12010-air-conditioner","listivo_12010-bed-sheets","listivo_12010-elevator","listivo_12010-furnished","listivo_12010-scandinavian-channels","listivo_12010-sea-view","listivo_12010-towels","listivo_12010-tv","listivo_12010-washing-machine","listivo_12010-wi-fi","listivo_12008-coffee-maker-or-kettle","listivo_12008-kitchen-tools","listivo_12008-microwave","listivo_12008-oven","listivo_12008-refrigerator-and-freezer","listivo_12008-stove","listivo_4661-balcony-terrasse","listivo_4661-parking-shared","listivo_4661-pool-shared","listivo_11882-english","listivo_11882-norwegian","listivo_11882-swedish","listivo_12017-smoking-not-allowed","listivo_12018-pets-allowed"],"acf":[],"listivo_12212":["3"],"listivo_14304":[],"listivo_14306":[],"listivo_14308":[],"listivo_11786":["6"],"listivo_5463":["2"],"listivo_12019":["3"],"listivo_340":["95 m\u00b2"],"listivo_11980":["125"],"listivo_145":["https:\/\/www.torreviejarentals.es\/wp-content\/uploads\/2025\/04\/Skarmavbild-2025-04-22-kl.-12.59.12.png","https:\/\/www.torreviejarentals.es\/wp-content\/uploads\/2025\/04\/Skarmavbild-2025-04-22-kl.-12.56.29.png","https:\/\/www.torreviejarentals.es\/wp-content\/uploads\/2025\/04\/Skarmavbild-2025-04-22-kl.-12.56.37.png","https:\/\/www.torreviejarentals.es\/wp-content\/uploads\/2025\/04\/Skarmavbild-2025-04-22-kl.-12.57.16.png","https:\/\/www.torreviejarentals.es\/wp-content\/uploads\/2025\/04\/Skarmavbild-2025-04-22-kl.-12.57.31.png","https:\/\/www.torreviejarentals.es\/wp-content\/uploads\/2025\/04\/Skarmavbild-2025-04-22-kl.-12.57.54.png","https:\/\/www.torreviejarentals.es\/wp-content\/uploads\/2025\/04\/Skarmavbild-2025-04-22-kl.-12.58.01.png","https:\/\/www.torreviejarentals.es\/wp-content\/uploads\/2025\/04\/Skarmavbild-2025-04-22-kl.-12.58.30.png","https:\/\/www.torreviejarentals.es\/wp-content\/uploads\/2025\/04\/Skarmavbild-2025-04-22-kl.-12.58.41.png","https:\/\/www.torreviejarentals.es\/wp-content\/uploads\/2025\/04\/Skarmavbild-2025-04-22-kl.-12.59.03.png","https:\/\/www.torreviejarentals.es\/wp-content\/uploads\/2025\/04\/Skarmavbild-2025-04-22-kl.-12.59.26.png","https:\/\/www.torreviejarentals.es\/wp-content\/uploads\/2025\/04\/Skarmavbild-2025-04-22-kl.-12.59.37.png","https:\/\/www.torreviejarentals.es\/wp-content\/uploads\/2025\/04\/Skarmavbild-2025-04-22-kl.-12.59.48.png","https:\/\/www.torreviejarentals.es\/wp-content\/uploads\/2025\/04\/Skarmavbild-2025-04-22-kl.-12.59.59.png","https:\/\/www.torreviejarentals.es\/wp-content\/uploads\/2025\/04\/Skarmavbild-2025-04-22-kl.-13.00.40.png","https:\/\/www.torreviejarentals.es\/wp-content\/uploads\/2025\/04\/Skarmavbild-2025-04-22-kl.-13.00.47.png","https:\/\/www.torreviejarentals.es\/wp-content\/uploads\/2025\/04\/Skarmavbild-2025-04-22-kl.-13.01.00.png","https:\/\/www.torreviejarentals.es\/wp-content\/uploads\/2025\/04\/Skarmavbild-2025-04-22-kl.-13.01.10.png","https:\/\/www.torreviejarentals.es\/wp-content\/uploads\/2025\/04\/Skarmavbild-2025-04-22-kl.-13.01.22.png"],"listivo_344":[],"listivo_345":{"url":"","embed":""},"listivo_153":{"address":"Av. Dr. Gregorio Mara\u00f1\u00f3n, 39, 03185 Torrevieja, Alicante, Spain","location":{"lat":37.9743095,"lng":-0.6921816}},"listivo_11704":[],"listivo_11750":["4209"],"listivo_11885":["{\"reserved\":{\"0\":{\"from\":1745280000000,\"to\":1747180800000,\"name\":\"\",\"note\":\"\",\"price\":\"\",\"phone\":\"\",\"email\":\"\"},\"1\":{\"from\":1753660800000,\"to\":1754438400000,\"name\":\"\",\"note\":\"\",\"price\":\"\",\"phone\":\"\",\"email\":\"\"},\"2\":{\"from\":1757894400000,\"to\":1774828800000,\"name\":\"\",\"note\":\"\",\"price\":\"\",\"phone\":\"\",\"email\":\"\"}},\"low-season\":{\"0\":{\"from\":1745280000000,\"to\":1750723200000,\"price\":\"90\",\"deposit\":\"\"},\"1\":{\"from\":1756252800000,\"to\":1774828800000,\"price\":\"90\",\"deposit\":\"\"}},\"high-season\":{\"0\":{\"from\":1750809600000,\"to\":1756166400000,\"price\":\"137\",\"deposit\":\"\"},\"1\":{\"from\":1774915200000,\"to\":1791849600000,\"price\":\"272\",\"deposit\":\"\"}}}"],"listivo_5974":["Price from:  \u20ac90 \/day"],"listivo_11948":[],"listivo_11949":[],"_links":{"self":[{"href":"https:\/\/www.torreviejarentals.es\/sv\/wp-json\/wp\/v2\/listings\/14811","targetHints":{"allow":["GET"]}}],"collection":[{"href":"https:\/\/www.torreviejarentals.es\/sv\/wp-json\/wp\/v2\/listings"}],"about":[{"href":"https:\/\/www.torreviejarentals.es\/sv\/wp-json\/wp\/v2\/types\/listivo_listing"}],"author":[{"embeddable":true,"href":"https:\/\/www.torreviejarentals.es\/sv\/wp-json\/wp\/v2\/users\/114"}],"wp:attachment":[{"href":"https:\/\/www.torreviejarentals.es\/sv\/wp-json\/wp\/v2\/media?parent=14811"}],"wp:term":[{"taxonomy":"listivo_5495","embeddable":true,"href":"https:\/\/www.torreviejarentals.es\/sv\/wp-json\/wp\/v2\/listivo_5495?post=14811"},{"taxonomy":"listivo_14303","embeddable":true,"href":"https:\/\/www.torreviejarentals.es\/sv\/wp-json\/wp\/v2\/listivo_14303?post=14811"},{"taxonomy":"listivo_14297","embeddable":true,"href":"https:\/\/www.torreviejarentals.es\/sv\/wp-json\/wp\/v2\/listivo_14297?post=14811"},{"taxonomy":"listivo_14311","embeddable":true,"href":"https:\/\/www.torreviejarentals.es\/sv\/wp-json\/wp\/v2\/listivo_14311?post=14811"},{"taxonomy":"listivo_14299","embeddable":true,"href":"https:\/\/www.torreviejarentals.es\/sv\/wp-json\/wp\/v2\/listivo_14299?post=14811"},{"taxonomy":"listivo_14298","embeddable":true,"href":"https:\/\/www.torreviejarentals.es\/sv\/wp-json\/wp\/v2\/listivo_14298?post=14811"},{"taxonomy":"listivo_14300","embeddable":true,"href":"https:\/\/www.torreviejarentals.es\/sv\/wp-json\/wp\/v2\/listivo_14300?post=14811"},{"taxonomy":"listivo_14301","embeddable":true,"href":"https:\/\/www.torreviejarentals.es\/sv\/wp-json\/wp\/v2\/listivo_14301?post=14811"},{"taxonomy":"listivo_14305","embeddable":true,"href":"https:\/\/www.torreviejarentals.es\/sv\/wp-json\/wp\/v2\/listivo_14305?post=14811"},{"taxonomy":"listivo_14307","embeddable":true,"href":"https:\/\/www.torreviejarentals.es\/sv\/wp-json\/wp\/v2\/listivo_14307?post=14811"},{"taxonomy":"listivo_14309","embeddable":true,"href":"https:\/\/www.torreviejarentals.es\/sv\/wp-json\/wp\/v2\/listivo_14309?post=14811"},{"taxonomy":"listivo_14310","embeddable":true,"href":"https:\/\/www.torreviejarentals.es\/sv\/wp-json\/wp\/v2\/listivo_14310?post=14811"},{"taxonomy":"listivo_14","embeddable":true,"href":"https:\/\/www.torreviejarentals.es\/sv\/wp-json\/wp\/v2\/listivo_14?post=14811"},{"taxonomy":"listivo_11876","embeddable":true,"href":"https:\/\/www.torreviejarentals.es\/sv\/wp-json\/wp\/v2\/listivo_11876?post=14811"},{"taxonomy":"listivo_9508","embeddable":true,"href":"https:\/\/www.torreviejarentals.es\/sv\/wp-json\/wp\/v2\/listivo_9508?post=14811"},{"taxonomy":"listivo_12010","embeddable":true,"href":"https:\/\/www.torreviejarentals.es\/sv\/wp-json\/wp\/v2\/listivo_12010?post=14811"},{"taxonomy":"listivo_12008","embeddable":true,"href":"https:\/\/www.torreviejarentals.es\/sv\/wp-json\/wp\/v2\/listivo_12008?post=14811"},{"taxonomy":"listivo_4661","embeddable":true,"href":"https:\/\/www.torreviejarentals.es\/sv\/wp-json\/wp\/v2\/listivo_4661?post=14811"},{"taxonomy":"listivo_11882","embeddable":true,"href":"https:\/\/www.torreviejarentals.es\/sv\/wp-json\/wp\/v2\/listivo_11882?post=14811"},{"taxonomy":"listivo_12017","embeddable":true,"href":"https:\/\/www.torreviejarentals.es\/sv\/wp-json\/wp\/v2\/listivo_12017?post=14811"},{"taxonomy":"listivo_12018","embeddable":true,"href":"https:\/\/www.torreviejarentals.es\/sv\/wp-json\/wp\/v2\/listivo_12018?post=14811"}],"curies":[{"name":"wp","href":"https:\/\/api.w.org\/{rel}","templated":true}]}}

Hörnlägenhet med utsikt över havet

<p class="" style="color: #000000;" data-start="44" data-end="483"><strong>Hörnlägenhet med utsikt över havet</strong><br data-start="131" data-end="134" /><span style="color: #000000;">Centralt beläget i södra delen av Torreviejas stadskärna. Här är du omgiven av stranden, ett poolområde och huvudgatan in till centrum med sitt breda utbud av butiker, restauranger och tjänster. Lägenheten ligger i bostadsområdet NaveMares 2, på 4: e våningen, 95 kvm, med 3 sovrum, alla med 2 sovplatser. Sovplatser 6.</span></p>
<p class="" data-start="487" data-end="529"><span style="color: #000000;"><strong data-start="487" data-end="501">Sovrum 1:</strong><span class="Apple-converted-space"> </span>1 dubbelsäng (180 cm), AC</span></p>
<p class="" data-start="532" data-end="562"><span style="color: #000000;"><strong data-start="532" data-end="546">Sovrum 2:</strong><span class="Apple-converted-space"> </span>2 enkelsängar</span></p>
<p class="" data-start="565" data-end="595"><span style="color: #000000;"><strong data-start="565" data-end="579">Sovrum 3:</strong><span class="Apple-converted-space"> </span>2 enkelsängar</span></p>
<p class="" style="color: #000000;" data-start="597" data-end="1129"><span style="color: #000000;"><strong data-start="597" data-end="612">Vardagsrum</strong><span class="Apple-converted-space"> </span>med TV och sittgrupp. Tillgång till både en öppen och en sluten balkong. AC.</span><br data-start="690" data-end="693" /><span style="color: #000000;"><strong data-start="693" data-end="704">Kök</strong><span class="Apple-converted-space"> </span>med spishäll/ugn, kyl/frys, diskmaskin, mikrovågsugn, kaffebryggare och brödrost. Köksutrustning för 8 personer.</span><br data-start="816" data-end="819" /><span style="color: #000000;"><strong data-start="819" data-end="833">1 badrum</strong><span class="Apple-converted-space"> </span>med dusch/toalett.</span><br data-start="853" data-end="856" data-is-only-node="" /><span style="color: #000000;"><strong data-start="856" data-end="874">1 separat WC.</strong></span><br data-start="874" data-end="877" /><span style="color: #000000;"><strong data-start="877" data-end="893">Tvättstuga</strong><span class="Apple-converted-space"> </span>med tvättmaskin.</span><br data-start="915" data-end="918" /><span style="color: #000000;"><strong data-start="918" data-end="933">Vardagsrum</strong><span class="Apple-converted-space"> </span>med soffa och bord, platt-tv med spanska kanaler och Chromecast för svenska streamingtjänster.</span><br data-start="1038" data-end="1041" /><span style="color: #000000;"><strong data-start="1041" data-end="1060">Fiber internet.</strong></span><br data-start="1060" data-end="1063" /><span style="color: #000000;"><strong data-start="1063" data-end="1089">Stor sluten balkong</strong>, möblerad för middagar och solbad.</span></p>
<p class="" style="color: #000000;" data-start="1131" data-end="1275"><span style="color: #000000;">Stranden ligger bara 20 meter från entrén och nås genom en grind.</span><br data-start="1205" data-end="1208" /><span style="color: #000000;">Stor pool direkt vid entrén, öppen under sommarsäsongen.</span></p>
<p class="" data-start="98" data-end="224"><span style="color: #000000;"><strong data-start="98" data-end="140">Sängkläder och handdukar för lägenheten</strong> (får inte användas på stranden) tillkommer en extra kostnad på <strong data-start="205" data-end="223">10 euro per person</strong>.</span></p>
<p class="" data-start="226" data-end="448"><span style="color: #000000;"><strong data-start="226" data-end="243">Strandhanddukar:</strong> Det tillkommer en tvättavgift. <strong data-start="268" data-end="327">Handdukar från lägenheten får INTE användas på stranden.</strong> Vi tillhandahåller strandhanddukar på begäran, men städföretaget tar betalt för tvätt. <strong data-start="412" data-end="448">Extra avgift på €4 per person.</strong></span></p>

Av. Dr. Gregorio Marañón, 39, 03185 Torrevieja, Alicante, Spain
