{"id":14837,"date":"2025-05-22T14:28:12","date_gmt":"2025-05-22T12:28:12","guid":{"rendered":"https:\/\/www.torreviejarentals.es\/?post_type=listivo_listing&#038;p=14837"},"modified":"2025-11-26T17:38:30","modified_gmt":"2025-11-26T15:38:30","slug":"apartment-in-la-mata","status":"publish","type":"listivo_listing","link":"https:\/\/www.torreviejarentals.es\/sv\/listing\/apartment-in-la-mata\/","title":{"rendered":"L\u00e4genhet i La Mata"},"content":{"rendered":"<p class=\"\" style=\"color: #000000;\" data-start=\"107\" data-end=\"195\"><span style=\"color: #000000;\"><strong data-start=\"107\" data-end=\"195\">Snygg l\u00e4genhet med 3 sovrum i La Mata - perfekt f\u00f6r din spanska semester!<\/strong><\/span><\/p>\n<p class=\"\" style=\"color: #000000;\" data-start=\"197\" data-end=\"383\"><span style=\"color: #000000;\">V\u00e4lkommen till ditt dr\u00f6msemesterhus i hj\u00e4rtat av La Mata, Spanien! Denna ljusa och rymliga l\u00e4genhet erbjuder allt du beh\u00f6ver f\u00f6r en avkopplande och bekv\u00e4m vistelse p\u00e5 Costa Blanca.<\/span><\/p>\n<p class=\"\" style=\"color: #000000;\" data-start=\"385\" data-end=\"677\"><span style=\"color: #000000;\">Med<span class=\"Apple-converted-space\">\u00a0<\/span><strong data-start=\"390\" data-end=\"426\">3 m\u00f6blerade sovrum<\/strong>l\u00e4genheten rymmer bekv\u00e4mt och bekv\u00e4mt<span class=\"Apple-converted-space\">\u00a0<\/span><strong data-start=\"467\" data-end=\"485\">upp till 6 g\u00e4ster<\/strong>vilket g\u00f6r den perfekt f\u00f6r familjer, par eller en grupp v\u00e4nner.<\/span><\/p>\n<p class=\"\" style=\"color: #000000;\" data-start=\"679\" data-end=\"947\"><span style=\"color: #000000;\">Njut av en ljus l\u00e4genhet, ett fullt utrustat k\u00f6k och en privat balkong - perfekt f\u00f6r morgonkaffe eller kv\u00e4llsdrinkar. Oavsett om du f\u00f6rbereder en hemlagad m\u00e5ltid eller bara kopplar av med en god bok, kommer du att k\u00e4nna dig som hemma.<\/span><\/p>\n<p class=\"\" style=\"color: #000000;\" data-start=\"949\" data-end=\"1255\"><span style=\"color: #000000;\">Bel\u00e4get bara en kort promenad fr\u00e5n<span class=\"Apple-converted-space\">\u00a0<\/span><strong data-start=\"980\" data-end=\"1016\">La Matas fantastiska sandstr\u00e4nder<\/strong>Med charmiga lokala restauranger, butiker och livliga veckomarknader, placerar den h\u00e4r l\u00e4genheten dig mitt i centrum av allt. Och med utm\u00e4rkta kollektivtrafikf\u00f6rbindelser \u00e4r det enkelt att utforska n\u00e4rliggande Torrevieja och de omgivande omr\u00e5dena.<\/span><\/p>\n<p class=\"\" style=\"color: #000000;\" data-start=\"1257\" data-end=\"1367\"><span style=\"color: #000000;\">Missa inte chansen att uppleva det b\u00e4sta av Spaniens kust i detta inbjudande och v\u00e4lutrustade semesterhus!<\/span><\/p>","protected":false},"author":114,"template":"","listivo_5495":["Holiday Rentals"],"listivo_14303":[],"listivo_14297":[],"listivo_14311":[],"listivo_14299":[],"listivo_14298":[],"listivo_14300":[],"listivo_14301":[],"listivo_14305":[],"listivo_14307":[],"listivo_14309":[],"listivo_14310":[],"listivo_14":["Apartments"],"listivo_11876":["Torrevieja"],"listivo_9508":[],"listivo_12010":["Air Conditioner","Bed Sheets","Ceiling or Floor Fan","Furnished","Scandinavian Channels","Sea View","Towels","TV","Washing Machine","Wi-Fi"],"listivo_12008":["Coffee Maker or Kettle","Kitchen Tools","Microwave","Oven","Refrigerator &amp; Freezer","Stove"],"listivo_4661":["Balcony\/Terrasse","Garden"],"listivo_11882":["English","Norwegian","Swedish"],"listivo_12017":["Smoking not allowed"],"listivo_12018":["Pets not allowed"],"class_list":["post-14837","listivo_listing","type-listivo_listing","status-publish","hentry","listivo_5495-holiday-rentals","listivo_14-apartments","listivo_11876-torrevieja","listivo_12010-air-conditioner","listivo_12010-bed-sheets","listivo_12010-ceiling-or-floor-fan","listivo_12010-furnished","listivo_12010-scandinavian-channels","listivo_12010-sea-view","listivo_12010-towels","listivo_12010-tv","listivo_12010-washing-machine","listivo_12010-wi-fi","listivo_12008-coffee-maker-or-kettle","listivo_12008-kitchen-tools","listivo_12008-microwave","listivo_12008-oven","listivo_12008-refrigerator-and-freezer","listivo_12008-stove","listivo_4661-balcony-terrasse","listivo_4661-garden","listivo_11882-english","listivo_11882-norwegian","listivo_11882-swedish","listivo_12017-smoking-not-allowed","listivo_12018-pets-not-allowed"],"acf":[],"listivo_12212":["3"],"listivo_14304":[],"listivo_14306":[],"listivo_14308":[],"listivo_11786":["6"],"listivo_5463":[],"listivo_12019":["3"],"listivo_340":[],"listivo_11980":["125"],"listivo_145":["https:\/\/www.torreviejarentals.es\/wp-content\/uploads\/2025\/04\/Skarmavbild-2025-04-22-kl.-13.09.42.png","https:\/\/www.torreviejarentals.es\/wp-content\/uploads\/2025\/04\/Skarmavbild-2025-04-22-kl.-13.11.03.png","https:\/\/www.torreviejarentals.es\/wp-content\/uploads\/2025\/04\/Skarmavbild-2025-04-22-kl.-13.09.53.png","https:\/\/www.torreviejarentals.es\/wp-content\/uploads\/2025\/04\/Skarmavbild-2025-04-22-kl.-13.10.29.png","https:\/\/www.torreviejarentals.es\/wp-content\/uploads\/2025\/04\/Skarmavbild-2025-04-22-kl.-13.09.15.png","https:\/\/www.torreviejarentals.es\/wp-content\/uploads\/2025\/04\/Skarmavbild-2025-04-22-kl.-13.09.35.png","https:\/\/www.torreviejarentals.es\/wp-content\/uploads\/2025\/04\/Skarmavbild-2025-04-22-kl.-13.10.02.png","https:\/\/www.torreviejarentals.es\/wp-content\/uploads\/2025\/04\/Skarmavbild-2025-04-22-kl.-13.10.12.png","https:\/\/www.torreviejarentals.es\/wp-content\/uploads\/2025\/04\/Skarmavbild-2025-04-22-kl.-13.10.20.png","https:\/\/www.torreviejarentals.es\/wp-content\/uploads\/2025\/04\/Skarmavbild-2025-04-22-kl.-13.10.37.png","https:\/\/www.torreviejarentals.es\/wp-content\/uploads\/2025\/04\/Skarmavbild-2025-04-22-kl.-13.10.45.png","https:\/\/www.torreviejarentals.es\/wp-content\/uploads\/2025\/04\/Skarmavbild-2025-04-22-kl.-13.10.54.png","https:\/\/www.torreviejarentals.es\/wp-content\/uploads\/2025\/04\/Skarmavbild-2025-04-22-kl.-13.11.12.png","https:\/\/www.torreviejarentals.es\/wp-content\/uploads\/2025\/04\/Skarmavbild-2025-04-22-kl.-13.11.26.png","https:\/\/www.torreviejarentals.es\/wp-content\/uploads\/2025\/04\/Skarmavbild-2025-04-22-kl.-13.11.37.png","https:\/\/www.torreviejarentals.es\/wp-content\/uploads\/2025\/04\/Skarmavbild-2025-04-22-kl.-13.11.47.png","https:\/\/www.torreviejarentals.es\/wp-content\/uploads\/2025\/04\/Skarmavbild-2025-04-22-kl.-13.11.56.png","https:\/\/www.torreviejarentals.es\/wp-content\/uploads\/2025\/04\/Skarmavbild-2025-04-22-kl.-13.12.07.png","https:\/\/www.torreviejarentals.es\/wp-content\/uploads\/2025\/04\/Skarmavbild-2025-04-22-kl.-13.12.21.png"],"listivo_344":[],"listivo_345":{"url":"","embed":""},"listivo_153":{"address":"Av. de los Daneses, 4, 03188 La Mata, Alicante, Spain","location":{"lat":38.023577179944,"lng":-0.6527494986471}},"listivo_11704":[],"listivo_11750":["4209"],"listivo_11885":["{\"reserved\":{\"0\":{\"from\":1752710400000,\"to\":1753228800000,\"name\":\"\",\"note\":\"\",\"price\":\"\",\"phone\":\"\",\"email\":\"\"},\"1\":{\"from\":1759276800000,\"to\":1791936000000,\"name\":\"\",\"note\":\"\",\"price\":\"\",\"phone\":\"\",\"email\":\"\"},\"2\":{\"from\":1754524800000,\"to\":1754524800000,\"name\":\"\",\"note\":\"\",\"price\":\"\",\"phone\":\"\",\"email\":\"\"}},\"low-season\":{\"0\":{\"from\":1745280000000,\"to\":1750723200000,\"price\":\"90\",\"deposit\":\"\"},\"1\":{\"from\":1756252800000,\"to\":1759190400000,\"price\":\"136\",\"deposit\":\"\"}},\"high-season\":{\"0\":{\"from\":1750809600000,\"to\":1756166400000,\"price\":\"272\",\"deposit\":\"\"},\"1\":{\"from\":1759276800000,\"to\":1791936000000,\"price\":\"272\",\"deposit\":\"\"}}}"],"listivo_5974":["Price from:  \u20ac90 \/day"],"listivo_11948":[],"listivo_11949":[],"_links":{"self":[{"href":"https:\/\/www.torreviejarentals.es\/sv\/wp-json\/wp\/v2\/listings\/14837","targetHints":{"allow":["GET"]}}],"collection":[{"href":"https:\/\/www.torreviejarentals.es\/sv\/wp-json\/wp\/v2\/listings"}],"about":[{"href":"https:\/\/www.torreviejarentals.es\/sv\/wp-json\/wp\/v2\/types\/listivo_listing"}],"author":[{"embeddable":true,"href":"https:\/\/www.torreviejarentals.es\/sv\/wp-json\/wp\/v2\/users\/114"}],"wp:attachment":[{"href":"https:\/\/www.torreviejarentals.es\/sv\/wp-json\/wp\/v2\/media?parent=14837"}],"wp:term":[{"taxonomy":"listivo_5495","embeddable":true,"href":"https:\/\/www.torreviejarentals.es\/sv\/wp-json\/wp\/v2\/listivo_5495?post=14837"},{"taxonomy":"listivo_14303","embeddable":true,"href":"https:\/\/www.torreviejarentals.es\/sv\/wp-json\/wp\/v2\/listivo_14303?post=14837"},{"taxonomy":"listivo_14297","embeddable":true,"href":"https:\/\/www.torreviejarentals.es\/sv\/wp-json\/wp\/v2\/listivo_14297?post=14837"},{"taxonomy":"listivo_14311","embeddable":true,"href":"https:\/\/www.torreviejarentals.es\/sv\/wp-json\/wp\/v2\/listivo_14311?post=14837"},{"taxonomy":"listivo_14299","embeddable":true,"href":"https:\/\/www.torreviejarentals.es\/sv\/wp-json\/wp\/v2\/listivo_14299?post=14837"},{"taxonomy":"listivo_14298","embeddable":true,"href":"https:\/\/www.torreviejarentals.es\/sv\/wp-json\/wp\/v2\/listivo_14298?post=14837"},{"taxonomy":"listivo_14300","embeddable":true,"href":"https:\/\/www.torreviejarentals.es\/sv\/wp-json\/wp\/v2\/listivo_14300?post=14837"},{"taxonomy":"listivo_14301","embeddable":true,"href":"https:\/\/www.torreviejarentals.es\/sv\/wp-json\/wp\/v2\/listivo_14301?post=14837"},{"taxonomy":"listivo_14305","embeddable":true,"href":"https:\/\/www.torreviejarentals.es\/sv\/wp-json\/wp\/v2\/listivo_14305?post=14837"},{"taxonomy":"listivo_14307","embeddable":true,"href":"https:\/\/www.torreviejarentals.es\/sv\/wp-json\/wp\/v2\/listivo_14307?post=14837"},{"taxonomy":"listivo_14309","embeddable":true,"href":"https:\/\/www.torreviejarentals.es\/sv\/wp-json\/wp\/v2\/listivo_14309?post=14837"},{"taxonomy":"listivo_14310","embeddable":true,"href":"https:\/\/www.torreviejarentals.es\/sv\/wp-json\/wp\/v2\/listivo_14310?post=14837"},{"taxonomy":"listivo_14","embeddable":true,"href":"https:\/\/www.torreviejarentals.es\/sv\/wp-json\/wp\/v2\/listivo_14?post=14837"},{"taxonomy":"listivo_11876","embeddable":true,"href":"https:\/\/www.torreviejarentals.es\/sv\/wp-json\/wp\/v2\/listivo_11876?post=14837"},{"taxonomy":"listivo_9508","embeddable":true,"href":"https:\/\/www.torreviejarentals.es\/sv\/wp-json\/wp\/v2\/listivo_9508?post=14837"},{"taxonomy":"listivo_12010","embeddable":true,"href":"https:\/\/www.torreviejarentals.es\/sv\/wp-json\/wp\/v2\/listivo_12010?post=14837"},{"taxonomy":"listivo_12008","embeddable":true,"href":"https:\/\/www.torreviejarentals.es\/sv\/wp-json\/wp\/v2\/listivo_12008?post=14837"},{"taxonomy":"listivo_4661","embeddable":true,"href":"https:\/\/www.torreviejarentals.es\/sv\/wp-json\/wp\/v2\/listivo_4661?post=14837"},{"taxonomy":"listivo_11882","embeddable":true,"href":"https:\/\/www.torreviejarentals.es\/sv\/wp-json\/wp\/v2\/listivo_11882?post=14837"},{"taxonomy":"listivo_12017","embeddable":true,"href":"https:\/\/www.torreviejarentals.es\/sv\/wp-json\/wp\/v2\/listivo_12017?post=14837"},{"taxonomy":"listivo_12018","embeddable":true,"href":"https:\/\/www.torreviejarentals.es\/sv\/wp-json\/wp\/v2\/listivo_12018?post=14837"}],"curies":[{"name":"wp","href":"https:\/\/api.w.org\/{rel}","templated":true}]}}

Lägenhet i La Mata

<p class="" style="color: #000000;" data-start="107" data-end="195"><span style="color: #000000;"><strong data-start="107" data-end="195">Snygg lägenhet med 3 sovrum i La Mata - perfekt för din spanska semester!</strong></span></p>
<p class="" style="color: #000000;" data-start="197" data-end="383"><span style="color: #000000;">Välkommen till ditt drömsemesterhus i hjärtat av La Mata, Spanien! Denna ljusa och rymliga lägenhet erbjuder allt du behöver för en avkopplande och bekväm vistelse på Costa Blanca.</span></p>
<p class="" style="color: #000000;" data-start="385" data-end="677"><span style="color: #000000;">Med<span class="Apple-converted-space"> </span><strong data-start="390" data-end="426">3 möblerade sovrum</strong>lägenheten rymmer bekvämt och bekvämt<span class="Apple-converted-space"> </span><strong data-start="467" data-end="485">upp till 6 gäster</strong>vilket gör den perfekt för familjer, par eller en grupp vänner.</span></p>
<p class="" style="color: #000000;" data-start="679" data-end="947"><span style="color: #000000;">Njut av en ljus lägenhet, ett fullt utrustat kök och en privat balkong - perfekt för morgonkaffe eller kvällsdrinkar. Oavsett om du förbereder en hemlagad måltid eller bara kopplar av med en god bok, kommer du att känna dig som hemma.</span></p>
<p class="" style="color: #000000;" data-start="949" data-end="1255"><span style="color: #000000;">Beläget bara en kort promenad från<span class="Apple-converted-space"> </span><strong data-start="980" data-end="1016">La Matas fantastiska sandstränder</strong>Med charmiga lokala restauranger, butiker och livliga veckomarknader, placerar den här lägenheten dig mitt i centrum av allt. Och med utmärkta kollektivtrafikförbindelser är det enkelt att utforska närliggande Torrevieja och de omgivande områdena.</span></p>
<p class="" style="color: #000000;" data-start="1257" data-end="1367"><span style="color: #000000;">Missa inte chansen att uppleva det bästa av Spaniens kust i detta inbjudande och välutrustade semesterhus!</span></p>
