{"id":15888,"date":"2025-10-13T17:41:23","date_gmt":"2025-10-13T15:41:23","guid":{"rendered":"https:\/\/www.torreviejarentals.es\/?post_type=listivo_listing&#038;p=15888"},"modified":"2026-03-09T18:45:02","modified_gmt":"2026-03-09T16:45:02","slug":"toyota-auris-2","status":"publish","type":"listivo_listing","link":"https:\/\/www.torreviejarentals.es\/sv\/listing\/toyota-auris-2\/","title":{"rendered":"Toyota Auris"},"content":{"rendered":"<p style=\"color: #000000\" data-start=\"0\" data-end=\"81\"><strong data-start=\"3\" data-end=\"76\">P\u00e5litlig och effektiv Toyota Auris - L\u00e5g k\u00f6rstr\u00e4cka, utm\u00e4rkt skick!<\/strong><\/p>\n<p style=\"color: #000000\" data-start=\"83\" data-end=\"333\">Letar du efter en snygg och p\u00e5litlig bil som \u00e4r lika praktisk som den \u00e4r trevlig att k\u00f6ra? Denna\u00a0<strong data-start=\"178\" data-end=\"199\">Toyota Auris 2015<\/strong>\u00a0\u00e4r det perfekta valet! Med endast\u00a0<strong data-start=\"233\" data-end=\"246\">34.000 km<\/strong>, det \u00e4r i\u00a0<strong data-start=\"256\" data-end=\"281\">enast\u00e5ende skick<\/strong>\u00a0- ren, v\u00e4l underh\u00e5llen och redo f\u00f6r v\u00e4gen.<\/p>\n<p style=\"color: #000000\" data-start=\"335\" data-end=\"495\">Njut av smidig k\u00f6rning med dess\u00a0<strong data-start=\"365\" data-end=\"396\">6-v\u00e4xlad manuell v\u00e4xell\u00e5da<\/strong>, utm\u00e4rkt br\u00e4nsleeffektivitet och\u00a0<strong data-start=\"429\" data-end=\"458\">iskall luftkonditionering<\/strong>\u00a0f\u00f6r de varma dagarna vid Medelhavet.<\/p>\n<p style=\"color: #000000\" data-start=\"497\" data-end=\"676\">\u2705 Endast 34.000 km - mycket l\u00e5g k\u00f6rstr\u00e4cka<br data-start=\"532\" data-end=\"535\" \/>\u2699\ufe0f 6-v\u00e4xlad manuell - effektiv och responsiv<br data-start=\"579\" data-end=\"582\" \/>\u2744\ufe0f Perfekt AC - h\u00e5ll dig sval och bekv\u00e4m<br data-start=\"623\" data-end=\"626\" \/>\ud83d\ude98 Utm\u00e4rkt allm\u00e4nt skick - k\u00f6r som ny<\/p>\n<p style=\"color: #000000\" data-start=\"678\" data-end=\"798\" data-is-last-node=\"\" data-is-only-node=\"\">Upplev den p\u00e5litliga Toyota-kvaliteten med en touch av modern stil - den perfekta bilen f\u00f6r b\u00e5de stads- och kust\u00e4ventyr!<\/p>","protected":false},"author":75,"template":"","listivo_5495":["Vehicle"],"listivo_14303":["Car"],"listivo_14297":["Toyota"],"listivo_14311":[],"listivo_14299":["Sedan"],"listivo_14298":["2015"],"listivo_14300":["Manual"],"listivo_14301":["Gas"],"listivo_14305":["Pick Up at Loction"],"listivo_14307":["Costa Blanca Area"],"listivo_14309":["Air Conditioner","Bluetooth AUX \/ USB","Cruise Control","GPS"],"listivo_14310":[],"listivo_14":[],"listivo_11876":[],"listivo_9508":[],"listivo_12010":[],"listivo_12008":[],"listivo_4661":[],"listivo_11882":["English","Norwegian","Swedish"],"listivo_12017":[],"listivo_12018":[],"class_list":["post-15888","listivo_listing","type-listivo_listing","status-publish","hentry","listivo_5495-vehicle","listivo_14303-car","listivo_14297-toyota","listivo_14299-sedan","listivo_14298-617","listivo_14300-manual","listivo_14301-gas","listivo_14305-pick-up-at-loction","listivo_14307-costa-blanca-area","listivo_14309-air-conditioner","listivo_14309-bluetooth-aux-usb","listivo_14309-cruise-control","listivo_14309-gps","listivo_11882-english","listivo_11882-norwegian","listivo_11882-swedish"],"acf":[],"listivo_12212":["3"],"listivo_14304":["200"],"listivo_14306":["5"],"listivo_14308":["26"],"listivo_11786":[],"listivo_5463":[],"listivo_12019":[],"listivo_340":[],"listivo_11980":[],"listivo_145":["https:\/\/www.torreviejarentals.es\/wp-content\/uploads\/2025\/10\/tempImage1jDJ2j-scaled.jpg","https:\/\/www.torreviejarentals.es\/wp-content\/uploads\/2025\/10\/tempImageWmtnwf-scaled.jpg","https:\/\/www.torreviejarentals.es\/wp-content\/uploads\/2025\/10\/tempImagesb1PPb-scaled.jpg"],"listivo_344":[],"listivo_345":{"url":"","embed":""},"listivo_153":{"address":"C. Camilo Jos\u00e9 Cela, 5, 03183 Torrevieja, Alicante, Spain","location":{"lat":37.9893926,"lng":-0.6618648}},"listivo_11704":[],"listivo_11750":["14417"],"listivo_11885":["{\"reserved\":{\"10\":{\"from\":1772755200000,\"to\":1775347200000,\"name\":\"Per Hemstr\u00f6m\",\"note\":\"Mejl\",\"price\":\"600\u20ac\",\"phone\":\"+46703284777\",\"email\":\"per.hemstrom@gmail.com\"},\"11\":{\"from\":1775433600000,\"to\":1776124800000,\"name\":\"Christoffer Lundgren\",\"note\":\"Vanligt Meddelande\",\"price\":\"200\u20ac\",\"phone\":\"+46703060749\",\"email\":\"\"},\"12\":{\"from\":1783296000000,\"to\":1784246400000,\"name\":\"Minna Str\u00f6mberg\",\"note\":\"Messenger\",\"price\":\"330\u20ac\",\"phone\":\"\",\"email\":\"\"},\"13\":{\"from\":1777334400000,\"to\":1780185600000,\"name\":\"Darryl Sterling East och Johanna Lindstr\u00f6m\",\"note\":\"Messenger\",\"price\":\"600\u20ac\",\"phone\":\"\",\"email\":\"\"}},\"high-season\":{\"1\":{\"from\":1780272000000,\"to\":1790726400000,\"price\":\"30\",\"deposit\":\"\",\"priceWeek\":\"200\",\"priceMonth\":\"700\"}},\"low-season\":{\"2\":{\"from\":1760313600000,\"to\":1780185600000,\"price\":\"30\",\"deposit\":\"\",\"priceWeek\":\"200\",\"priceMonth\":\"600\"},\"3\":{\"from\":1790812800000,\"to\":1798675200000,\"price\":\"30\",\"deposit\":\"\",\"priceWeek\":\"200\",\"priceMonth\":\"600\"}}}"],"listivo_5974":["Price from:  \u20ac30 \/day"],"listivo_11948":[],"listivo_11949":[],"_links":{"self":[{"href":"https:\/\/www.torreviejarentals.es\/sv\/wp-json\/wp\/v2\/listings\/15888","targetHints":{"allow":["GET"]}}],"collection":[{"href":"https:\/\/www.torreviejarentals.es\/sv\/wp-json\/wp\/v2\/listings"}],"about":[{"href":"https:\/\/www.torreviejarentals.es\/sv\/wp-json\/wp\/v2\/types\/listivo_listing"}],"author":[{"embeddable":true,"href":"https:\/\/www.torreviejarentals.es\/sv\/wp-json\/wp\/v2\/users\/75"}],"wp:attachment":[{"href":"https:\/\/www.torreviejarentals.es\/sv\/wp-json\/wp\/v2\/media?parent=15888"}],"wp:term":[{"taxonomy":"listivo_5495","embeddable":true,"href":"https:\/\/www.torreviejarentals.es\/sv\/wp-json\/wp\/v2\/listivo_5495?post=15888"},{"taxonomy":"listivo_14303","embeddable":true,"href":"https:\/\/www.torreviejarentals.es\/sv\/wp-json\/wp\/v2\/listivo_14303?post=15888"},{"taxonomy":"listivo_14297","embeddable":true,"href":"https:\/\/www.torreviejarentals.es\/sv\/wp-json\/wp\/v2\/listivo_14297?post=15888"},{"taxonomy":"listivo_14311","embeddable":true,"href":"https:\/\/www.torreviejarentals.es\/sv\/wp-json\/wp\/v2\/listivo_14311?post=15888"},{"taxonomy":"listivo_14299","embeddable":true,"href":"https:\/\/www.torreviejarentals.es\/sv\/wp-json\/wp\/v2\/listivo_14299?post=15888"},{"taxonomy":"listivo_14298","embeddable":true,"href":"https:\/\/www.torreviejarentals.es\/sv\/wp-json\/wp\/v2\/listivo_14298?post=15888"},{"taxonomy":"listivo_14300","embeddable":true,"href":"https:\/\/www.torreviejarentals.es\/sv\/wp-json\/wp\/v2\/listivo_14300?post=15888"},{"taxonomy":"listivo_14301","embeddable":true,"href":"https:\/\/www.torreviejarentals.es\/sv\/wp-json\/wp\/v2\/listivo_14301?post=15888"},{"taxonomy":"listivo_14305","embeddable":true,"href":"https:\/\/www.torreviejarentals.es\/sv\/wp-json\/wp\/v2\/listivo_14305?post=15888"},{"taxonomy":"listivo_14307","embeddable":true,"href":"https:\/\/www.torreviejarentals.es\/sv\/wp-json\/wp\/v2\/listivo_14307?post=15888"},{"taxonomy":"listivo_14309","embeddable":true,"href":"https:\/\/www.torreviejarentals.es\/sv\/wp-json\/wp\/v2\/listivo_14309?post=15888"},{"taxonomy":"listivo_14310","embeddable":true,"href":"https:\/\/www.torreviejarentals.es\/sv\/wp-json\/wp\/v2\/listivo_14310?post=15888"},{"taxonomy":"listivo_14","embeddable":true,"href":"https:\/\/www.torreviejarentals.es\/sv\/wp-json\/wp\/v2\/listivo_14?post=15888"},{"taxonomy":"listivo_11876","embeddable":true,"href":"https:\/\/www.torreviejarentals.es\/sv\/wp-json\/wp\/v2\/listivo_11876?post=15888"},{"taxonomy":"listivo_9508","embeddable":true,"href":"https:\/\/www.torreviejarentals.es\/sv\/wp-json\/wp\/v2\/listivo_9508?post=15888"},{"taxonomy":"listivo_12010","embeddable":true,"href":"https:\/\/www.torreviejarentals.es\/sv\/wp-json\/wp\/v2\/listivo_12010?post=15888"},{"taxonomy":"listivo_12008","embeddable":true,"href":"https:\/\/www.torreviejarentals.es\/sv\/wp-json\/wp\/v2\/listivo_12008?post=15888"},{"taxonomy":"listivo_4661","embeddable":true,"href":"https:\/\/www.torreviejarentals.es\/sv\/wp-json\/wp\/v2\/listivo_4661?post=15888"},{"taxonomy":"listivo_11882","embeddable":true,"href":"https:\/\/www.torreviejarentals.es\/sv\/wp-json\/wp\/v2\/listivo_11882?post=15888"},{"taxonomy":"listivo_12017","embeddable":true,"href":"https:\/\/www.torreviejarentals.es\/sv\/wp-json\/wp\/v2\/listivo_12017?post=15888"},{"taxonomy":"listivo_12018","embeddable":true,"href":"https:\/\/www.torreviejarentals.es\/sv\/wp-json\/wp\/v2\/listivo_12018?post=15888"}],"curies":[{"name":"wp","href":"https:\/\/api.w.org\/{rel}","templated":true}]}}

<p style="color: #000000" data-start="0" data-end="81"><strong data-start="3" data-end="76">Pålitlig och effektiv Toyota Auris - Låg körsträcka, utmärkt skick!</strong></p>
<p style="color: #000000" data-start="83" data-end="333">Letar du efter en snygg och pålitlig bil som är lika praktisk som den är trevlig att köra? Denna <strong data-start="178" data-end="199">Toyota Auris 2015</strong> är det perfekta valet! Med endast <strong data-start="233" data-end="246">34.000 km</strong>, det är i <strong data-start="256" data-end="281">enastående skick</strong> - ren, väl underhållen och redo för vägen.</p>
<p style="color: #000000" data-start="335" data-end="495">Njut av smidig körning med dess <strong data-start="365" data-end="396">6-växlad manuell växellåda</strong>, utmärkt bränsleeffektivitet och <strong data-start="429" data-end="458">iskall luftkonditionering</strong> för de varma dagarna vid Medelhavet.</p>
<p style="color: #000000" data-start="497" data-end="676">✅ Endast 34.000 km - mycket låg körsträcka<br data-start="532" data-end="535" />⚙️ 6-växlad manuell - effektiv och responsiv<br data-start="579" data-end="582" />❄️ Perfekt AC - håll dig sval och bekväm<br data-start="623" data-end="626" />🚘 Utmärkt allmänt skick - kör som ny</p>
<p style="color: #000000" data-start="678" data-end="798" data-is-last-node="" data-is-only-node="">Upplev den pålitliga Toyota-kvaliteten med en touch av modern stil - den perfekta bilen för både stads- och kustäventyr!</p>

C. Camilo José Cela, 5, 03183 Torrevieja, Alicante, Spain

{"reserved":{"10":{"from":1772755200000,"to":1775347200000,"name":"Per Hemström","note":"Mejl","price":"600€","phone":"+46703284777","email":"per.hemstrom@gmail.com"},"11":{"from":1775433600000,"to":1776124800000,"name":"Christoffer Lundgren","note":"Vanligt Meddelande","price":"200€","phone":"+46703060749","email":""},"12":{"from":1783296000000,"to":1784246400000,"name":"Minna Strömberg","note":"Messenger","price":"330€","phone":"","email":""},"13":{"from":1777334400000,"to":1780185600000,"name":"Darryl Sterling East och Johanna Lindström","note":"Messenger","price":"600€","phone":"","email":""}},"high-season":{"1":{"from":1780272000000,"to":1790726400000,"price":"30","deposit":"","priceWeek":"200","priceMonth":"700"}},"low-season":{"2":{"from":1760313600000,"to":1780185600000,"price":"30","deposit":"","priceWeek":"200","priceMonth":"600"},"3":{"from":1790812800000,"to":1798675200000,"price":"30","deposit":"","priceWeek":"200","priceMonth":"600"}}}
