{"id":15983,"date":"2026-01-13T15:40:04","date_gmt":"2026-01-13T13:40:04","guid":{"rendered":"https:\/\/www.torreviejarentals.es\/?post_type=listivo_listing&#038;p=15983"},"modified":"2026-04-18T18:49:27","modified_gmt":"2026-04-18T16:49:27","slug":"toyota-auris-3","status":"publish","type":"listivo_listing","link":"https:\/\/www.torreviejarentals.es\/sv\/listing\/toyota-auris-3\/","title":{"rendered":"Toyota Auris"},"content":{"rendered":"<p>Br\u00e4nslesn\u00e5l och effektiv Toyota Auris med 6 - v\u00e4xlad manuell v\u00e4xell\u00e5da, rymlig kupe och gener\u00f6s bagageutrymme. Ett utm\u00e4rkt val f\u00f6r b\u00e5de stadsk\u00f6rning och landsv\u00e4g.<\/p>\n<p>Kommer med barnstol (bak\u00e5tv\u00e4nd) eller\/och bilkudde om s\u00e5 \u00f6nskas.<\/p>","protected":false},"author":143,"template":"","listivo_5495":["Vehicle"],"listivo_14303":["Car"],"listivo_14297":["Toyota"],"listivo_14311":[],"listivo_14299":["Sedan"],"listivo_14298":["2011"],"listivo_14300":["Manual"],"listivo_14301":["Diesel"],"listivo_14305":["Pick Up at Loction"],"listivo_14307":["Costa Blanca Area"],"listivo_14309":["Air Conditioner","Bluetooth AUX \/ USB","Child Pillow","Child Seat"],"listivo_14310":[],"listivo_14":[],"listivo_11876":[],"listivo_9508":[],"listivo_12010":[],"listivo_12008":[],"listivo_4661":[],"listivo_11882":["Swedish"],"listivo_12017":[],"listivo_12018":[],"class_list":["post-15983","listivo_listing","type-listivo_listing","status-publish","hentry","listivo_5495-vehicle","listivo_14303-car","listivo_14297-toyota","listivo_14299-sedan","listivo_14298-613","listivo_14300-manual","listivo_14301-diesel","listivo_14305-pick-up-at-loction","listivo_14307-costa-blanca-area","listivo_14309-air-conditioner","listivo_14309-bluetooth-aux-usb","listivo_14309-child-pillow","listivo_14309-child-seat","listivo_11882-swedish"],"acf":[],"listivo_12212":["3"],"listivo_14304":["200"],"listivo_14306":["5"],"listivo_14308":["26"],"listivo_11786":[],"listivo_5463":[],"listivo_12019":[],"listivo_340":[],"listivo_11980":[],"listivo_145":["https:\/\/www.torreviejarentals.es\/wp-content\/uploads\/2026\/01\/20260111_121428-scaled.jpg","https:\/\/www.torreviejarentals.es\/wp-content\/uploads\/2026\/01\/20260111_121330-scaled.jpg","https:\/\/www.torreviejarentals.es\/wp-content\/uploads\/2026\/01\/20260111_121707-scaled.jpg"],"listivo_344":[],"listivo_345":{"url":"","embed":""},"listivo_153":{"address":"Carr. del Torrej\u00f3n, 8, 03183 Torrevieja, Alicante, Spain","location":{"lat":38.005563629954,"lng":-0.65699074974545}},"listivo_11704":["https:\/\/www.torreviejarentals.es\/wp-content\/uploads\/2026\/01\/20260113_104510-scaled.jpg","https:\/\/www.torreviejarentals.es\/wp-content\/uploads\/2026\/01\/20260102_202003-scaled.jpg"],"listivo_11750":["free"],"listivo_11885":["{\"reserved\":{\"5\":{\"from\":1768435200000,\"to\":1769385600000,\"name\":\"\",\"note\":\"\",\"price\":\"\",\"phone\":\"\",\"email\":\"\"},\"6\":{\"from\":1769385600000,\"to\":1769731200000,\"name\":\"\",\"note\":\"\",\"price\":\"\",\"phone\":\"\",\"email\":\"\"},\"7\":{\"from\":1770681600000,\"to\":1770940800000,\"name\":\"\",\"note\":\"\",\"price\":\"\",\"phone\":\"\",\"email\":\"\"},\"8\":{\"from\":1773878400000,\"to\":1774310400000,\"name\":\"\",\"note\":\"\",\"price\":\"\",\"phone\":\"\",\"email\":\"\"},\"9\":{\"from\":1776470400000,\"to\":1778198400000,\"name\":\"\",\"note\":\"\",\"price\":\"\",\"phone\":\"\",\"email\":\"\"}},\"high-season\":{\"1\":{\"from\":1777593600000,\"to\":1790726400000,\"price\":\"30\",\"deposit\":\"\",\"priceWeek\":\"200\",\"priceMonth\":\"700\"},\"2\":{\"from\":1797638400000,\"to\":1798675200000,\"price\":\"30\",\"deposit\":\"\",\"priceWeek\":\"200\",\"priceMonth\":\"700\"}},\"low-season\":{\"3\":{\"from\":1768262400000,\"to\":1777507200000,\"price\":\"25\",\"deposit\":\"\",\"priceWeek\":\"170\",\"priceMonth\":\"600\"},\"4\":{\"from\":1790812800000,\"to\":1797552000000,\"price\":\"25\",\"deposit\":\"\",\"priceWeek\":\"170\",\"priceMonth\":\"600\"}}}"],"listivo_5974":["Price from:  \u20ac25 \/day"],"listivo_11948":[],"listivo_11949":[],"_links":{"self":[{"href":"https:\/\/www.torreviejarentals.es\/sv\/wp-json\/wp\/v2\/listings\/15983","targetHints":{"allow":["GET"]}}],"collection":[{"href":"https:\/\/www.torreviejarentals.es\/sv\/wp-json\/wp\/v2\/listings"}],"about":[{"href":"https:\/\/www.torreviejarentals.es\/sv\/wp-json\/wp\/v2\/types\/listivo_listing"}],"author":[{"embeddable":true,"href":"https:\/\/www.torreviejarentals.es\/sv\/wp-json\/wp\/v2\/users\/143"}],"wp:attachment":[{"href":"https:\/\/www.torreviejarentals.es\/sv\/wp-json\/wp\/v2\/media?parent=15983"}],"wp:term":[{"taxonomy":"listivo_5495","embeddable":true,"href":"https:\/\/www.torreviejarentals.es\/sv\/wp-json\/wp\/v2\/listivo_5495?post=15983"},{"taxonomy":"listivo_14303","embeddable":true,"href":"https:\/\/www.torreviejarentals.es\/sv\/wp-json\/wp\/v2\/listivo_14303?post=15983"},{"taxonomy":"listivo_14297","embeddable":true,"href":"https:\/\/www.torreviejarentals.es\/sv\/wp-json\/wp\/v2\/listivo_14297?post=15983"},{"taxonomy":"listivo_14311","embeddable":true,"href":"https:\/\/www.torreviejarentals.es\/sv\/wp-json\/wp\/v2\/listivo_14311?post=15983"},{"taxonomy":"listivo_14299","embeddable":true,"href":"https:\/\/www.torreviejarentals.es\/sv\/wp-json\/wp\/v2\/listivo_14299?post=15983"},{"taxonomy":"listivo_14298","embeddable":true,"href":"https:\/\/www.torreviejarentals.es\/sv\/wp-json\/wp\/v2\/listivo_14298?post=15983"},{"taxonomy":"listivo_14300","embeddable":true,"href":"https:\/\/www.torreviejarentals.es\/sv\/wp-json\/wp\/v2\/listivo_14300?post=15983"},{"taxonomy":"listivo_14301","embeddable":true,"href":"https:\/\/www.torreviejarentals.es\/sv\/wp-json\/wp\/v2\/listivo_14301?post=15983"},{"taxonomy":"listivo_14305","embeddable":true,"href":"https:\/\/www.torreviejarentals.es\/sv\/wp-json\/wp\/v2\/listivo_14305?post=15983"},{"taxonomy":"listivo_14307","embeddable":true,"href":"https:\/\/www.torreviejarentals.es\/sv\/wp-json\/wp\/v2\/listivo_14307?post=15983"},{"taxonomy":"listivo_14309","embeddable":true,"href":"https:\/\/www.torreviejarentals.es\/sv\/wp-json\/wp\/v2\/listivo_14309?post=15983"},{"taxonomy":"listivo_14310","embeddable":true,"href":"https:\/\/www.torreviejarentals.es\/sv\/wp-json\/wp\/v2\/listivo_14310?post=15983"},{"taxonomy":"listivo_14","embeddable":true,"href":"https:\/\/www.torreviejarentals.es\/sv\/wp-json\/wp\/v2\/listivo_14?post=15983"},{"taxonomy":"listivo_11876","embeddable":true,"href":"https:\/\/www.torreviejarentals.es\/sv\/wp-json\/wp\/v2\/listivo_11876?post=15983"},{"taxonomy":"listivo_9508","embeddable":true,"href":"https:\/\/www.torreviejarentals.es\/sv\/wp-json\/wp\/v2\/listivo_9508?post=15983"},{"taxonomy":"listivo_12010","embeddable":true,"href":"https:\/\/www.torreviejarentals.es\/sv\/wp-json\/wp\/v2\/listivo_12010?post=15983"},{"taxonomy":"listivo_12008","embeddable":true,"href":"https:\/\/www.torreviejarentals.es\/sv\/wp-json\/wp\/v2\/listivo_12008?post=15983"},{"taxonomy":"listivo_4661","embeddable":true,"href":"https:\/\/www.torreviejarentals.es\/sv\/wp-json\/wp\/v2\/listivo_4661?post=15983"},{"taxonomy":"listivo_11882","embeddable":true,"href":"https:\/\/www.torreviejarentals.es\/sv\/wp-json\/wp\/v2\/listivo_11882?post=15983"},{"taxonomy":"listivo_12017","embeddable":true,"href":"https:\/\/www.torreviejarentals.es\/sv\/wp-json\/wp\/v2\/listivo_12017?post=15983"},{"taxonomy":"listivo_12018","embeddable":true,"href":"https:\/\/www.torreviejarentals.es\/sv\/wp-json\/wp\/v2\/listivo_12018?post=15983"}],"curies":[{"name":"wp","href":"https:\/\/api.w.org\/{rel}","templated":true}]}}

<p>Bränslesnål och effektiv Toyota Auris med 6 - växlad manuell växellåda, rymlig kupe och generös bagageutrymme. Ett utmärkt val för både stadskörning och landsväg.</p>
<p>Kommer med barnstol (bakåtvänd) eller/och bilkudde om så önskas.</p>

Carr. del Torrejón, 8, 03183 Torrevieja, Alicante, Spain
