{"id":12629,"date":"2024-03-24T08:37:03","date_gmt":"2024-03-24T08:37:03","guid":{"rendered":"https:\/\/torreviejarentals.es\/?page_id=12629"},"modified":"2024-04-09T15:37:31","modified_gmt":"2024-04-09T15:37:31","slug":"playa-del-cura","status":"publish","type":"page","link":"https:\/\/www.torreviejarentals.es\/sv\/playa-del-cura\/","title":{"rendered":"Playa del Cura"},"content":{"rendered":"<div data-elementor-type=\"wp-page\" data-elementor-id=\"12629\" class=\"elementor elementor-12629\">\n\t\t\t\t\t\t<section class=\"elementor-section elementor-top-section elementor-element elementor-element-b1cb7f0 elementor-section-full_width elementor-section-height-default elementor-section-height-default\" data-id=\"b1cb7f0\" data-element_type=\"section\" data-settings=\"{&quot;background_background&quot;:&quot;classic&quot;}\">\n\t\t\t\t\t\t<div class=\"elementor-container elementor-column-gap-default\">\n\t\t\t\t\t<div class=\"elementor-column elementor-col-100 elementor-top-column elementor-element elementor-element-29f31bca\" data-id=\"29f31bca\" data-element_type=\"column\">\n\t\t\t<div class=\"elementor-widget-wrap elementor-element-populated\">\n\t\t\t\t\t\t<section class=\"elementor-section elementor-inner-section elementor-element elementor-element-1132cdf elementor-section-height-min-height elementor-section-boxed elementor-section-height-default\" data-id=\"1132cdf\" data-element_type=\"section\" data-settings=\"{&quot;background_background&quot;:&quot;classic&quot;}\">\n\t\t\t\t\t\t\t<div class=\"elementor-background-overlay\"><\/div>\n\t\t\t\t\t\t\t<div class=\"elementor-container elementor-column-gap-default\">\n\t\t\t\t\t<div class=\"elementor-column elementor-col-100 elementor-inner-column elementor-element elementor-element-6fbff91e\" data-id=\"6fbff91e\" data-element_type=\"column\">\n\t\t\t<div class=\"elementor-widget-wrap elementor-element-populated\">\n\t\t\t\t\t\t<div class=\"elementor-element elementor-element-44309664 elementor-widget elementor-widget-lst_heading_v2\" data-id=\"44309664\" data-element_type=\"widget\" data-widget_type=\"lst_heading_v2.default\">\n\t\t\t\t<div class=\"elementor-widget-container\">\n\t\t\t\t\t<div class=\"listivo-heading-v2-wrapper\">\n    <div class=\"listivo-heading-v2 listivo-heading-v2--left listivo-heading-v2--tablet-center listivo-heading-v2--mobile-center\">\n        \n        <h2 class=\"listivo-heading-v2__text\">\n            Playa del Cura        <\/h2>\n    <\/div>\n<\/div>\t\t\t\t<\/div>\n\t\t\t\t<\/div>\n\t\t\t\t<div class=\"elementor-element elementor-element-56ab94c5 elementor-widget elementor-widget-spacer\" data-id=\"56ab94c5\" data-element_type=\"widget\" data-widget_type=\"spacer.default\">\n\t\t\t\t<div class=\"elementor-widget-container\">\n\t\t\t\t\t\t\t<div class=\"elementor-spacer\">\n\t\t\t<div class=\"elementor-spacer-inner\"><\/div>\n\t\t<\/div>\n\t\t\t\t\t\t<\/div>\n\t\t\t\t<\/div>\n\t\t\t\t\t<\/div>\n\t\t<\/div>\n\t\t\t\t\t<\/div>\n\t\t<\/section>\n\t\t\t\t\t<\/div>\n\t\t<\/div>\n\t\t\t\t\t<\/div>\n\t\t<\/section>\n\t\t\t\t<section class=\"elementor-section elementor-top-section elementor-element elementor-element-35bf20cf elementor-section-boxed elementor-section-height-default elementor-section-height-default\" data-id=\"35bf20cf\" data-element_type=\"section\" data-settings=\"{&quot;background_background&quot;:&quot;classic&quot;}\">\n\t\t\t\t\t\t<div class=\"elementor-container elementor-column-gap-default\">\n\t\t\t\t\t<div class=\"elementor-column elementor-col-100 elementor-top-column elementor-element elementor-element-5f9d952c\" data-id=\"5f9d952c\" data-element_type=\"column\">\n\t\t\t<div class=\"elementor-widget-wrap elementor-element-populated\">\n\t\t\t\t\t\t<div class=\"elementor-element elementor-element-42ab8bfb elementor-widget elementor-widget-spacer\" data-id=\"42ab8bfb\" data-element_type=\"widget\" data-widget_type=\"spacer.default\">\n\t\t\t\t<div class=\"elementor-widget-container\">\n\t\t\t\t\t\t\t<div class=\"elementor-spacer\">\n\t\t\t<div class=\"elementor-spacer-inner\"><\/div>\n\t\t<\/div>\n\t\t\t\t\t\t<\/div>\n\t\t\t\t<\/div>\n\t\t\t\t\t<\/div>\n\t\t<\/div>\n\t\t\t\t\t<\/div>\n\t\t<\/section>\n\t\t\t\t<section class=\"elementor-section elementor-top-section elementor-element elementor-element-27e37cc4 elementor-section-boxed elementor-section-height-default elementor-section-height-default\" data-id=\"27e37cc4\" data-element_type=\"section\">\n\t\t\t\t\t\t<div class=\"elementor-container elementor-column-gap-default\">\n\t\t\t\t\t<div class=\"elementor-column elementor-col-50 elementor-top-column elementor-element elementor-element-61d2258b\" data-id=\"61d2258b\" data-element_type=\"column\">\n\t\t\t<div class=\"elementor-widget-wrap elementor-element-populated\">\n\t\t\t\t\t\t<div class=\"elementor-element elementor-element-4d20c66d elementor-widget elementor-widget-heading\" data-id=\"4d20c66d\" data-element_type=\"widget\" data-widget_type=\"heading.default\">\n\t\t\t\t<div class=\"elementor-widget-container\">\n\t\t\t\t\t<h2 class=\"elementor-heading-title elementor-size-default\"> Torreviejas mest centrala strand<\/h2>\t\t\t\t<\/div>\n\t\t\t\t<\/div>\n\t\t\t\t<div class=\"elementor-element elementor-element-285f510b elementor-widget elementor-widget-text-editor\" data-id=\"285f510b\" data-element_type=\"widget\" data-widget_type=\"text-editor.default\">\n\t\t\t\t<div class=\"elementor-widget-container\">\n\t\t\t\t\t\t\t\t\t<p>Playa Del Cura ligger i hj\u00e4rtat av Torrevieja och \u00e4r den mest centralt bel\u00e4gna stranden i staden. En pittoresk strandpromenad slingrar sig l\u00e4ngs strandlinjen och erbjuder fantastisk utsikt \u00f6ver havet. L\u00e4ngs stranden hittar du charmiga restauranger och pubar d\u00e4r du kan njuta av uts\u00f6kt mat och dryck medan du njuter av kustatmosf\u00e4ren. Med sin n\u00e4rhet till allt som Torrevieja har att erbjuda \u00e4r Playa Del Cura det perfekta st\u00e4llet att vara p\u00e5.<\/p><p>N\u00e4r solen g\u00e5r ner f\u00f6rvandlas Playa Del Cura till ett pulserande nav av aktivitet. Stranden vaknar till liv med mysiga caf\u00e9er, livliga barer och fantastiska restauranger, vilket skapar en oemotst\u00e5ndlig atmosf\u00e4r. Oavsett om du letar efter en romantisk middag vid havet eller en livlig utekv\u00e4ll med v\u00e4nner, hittar du massor av alternativ som passar ditt hum\u00f6r. Med sitt utm\u00e4rkta l\u00e4ge och livliga atmosf\u00e4r erbjuder Playa Del Cura en upplevelse f\u00f6r bes\u00f6kare i alla \u00e5ldrar.<\/p><p>Bortom sin livliga strand, erbjuder Playa Del Cura massor av m\u00f6jligheter till avkoppling och harmoni. Tillbringa dagarna med att njuta av solen, ta en lugn promenad l\u00e4ngs strandpromenaden eller njut av stadsk\u00e4rnan i n\u00e4rheten. Playa Del Cura \u00e4r det perfekta resm\u00e5let f\u00f6r dig som s\u00f6ker sol, hav och avkoppling.<\/p>\t\t\t\t\t\t\t\t<\/div>\n\t\t\t\t<\/div>\n\t\t\t\t\t<\/div>\n\t\t<\/div>\n\t\t\t\t<div class=\"elementor-column elementor-col-50 elementor-top-column elementor-element elementor-element-3cf97ed3\" data-id=\"3cf97ed3\" data-element_type=\"column\">\n\t\t\t<div class=\"elementor-widget-wrap elementor-element-populated\">\n\t\t\t\t\t\t<div class=\"elementor-element elementor-element-2204f88a elementor-widget elementor-widget-image\" data-id=\"2204f88a\" data-element_type=\"widget\" data-widget_type=\"image.default\">\n\t\t\t\t<div class=\"elementor-widget-container\">\n\t\t\t\t\t\t\t\t\t\t\t\t\t\t\t<img fetchpriority=\"high\" decoding=\"async\" width=\"800\" height=\"1000\" src=\"https:\/\/www.torreviejarentals.es\/wp-content\/uploads\/2024\/03\/Cura-Beach.jpg\" class=\"attachment-large size-large wp-image-12768\" alt=\"\" srcset=\"https:\/\/www.torreviejarentals.es\/wp-content\/uploads\/2024\/03\/Cura-Beach.jpg 800w, https:\/\/www.torreviejarentals.es\/wp-content\/uploads\/2024\/03\/Cura-Beach-240x300.jpg 240w, https:\/\/www.torreviejarentals.es\/wp-content\/uploads\/2024\/03\/Cura-Beach-768x960.jpg 768w, https:\/\/www.torreviejarentals.es\/wp-content\/uploads\/2024\/03\/Cura-Beach-10x12.jpg 10w\" sizes=\"(max-width: 800px) 100vw, 800px\" title=\"\">\t\t\t\t\t\t\t\t\t\t\t\t\t\t\t<\/div>\n\t\t\t\t<\/div>\n\t\t\t\t\t<\/div>\n\t\t<\/div>\n\t\t\t\t\t<\/div>\n\t\t<\/section>\n\t\t\t\t<section class=\"elementor-section elementor-top-section elementor-element elementor-element-4fdc160 elementor-section-boxed elementor-section-height-default elementor-section-height-default\" data-id=\"4fdc160\" data-element_type=\"section\">\n\t\t\t\t\t\t<div class=\"elementor-container elementor-column-gap-default\">\n\t\t\t\t\t<div class=\"elementor-column elementor-col-100 elementor-top-column elementor-element elementor-element-953d26e\" data-id=\"953d26e\" data-element_type=\"column\">\n\t\t\t<div class=\"elementor-widget-wrap elementor-element-populated\">\n\t\t\t\t\t\t<div class=\"elementor-element elementor-element-de4c827 elementor-widget elementor-widget-spacer\" data-id=\"de4c827\" data-element_type=\"widget\" data-widget_type=\"spacer.default\">\n\t\t\t\t<div class=\"elementor-widget-container\">\n\t\t\t\t\t\t\t<div class=\"elementor-spacer\">\n\t\t\t<div class=\"elementor-spacer-inner\"><\/div>\n\t\t<\/div>\n\t\t\t\t\t\t<\/div>\n\t\t\t\t<\/div>\n\t\t\t\t\t<\/div>\n\t\t<\/div>\n\t\t\t\t\t<\/div>\n\t\t<\/section>\n\t\t\t\t<\/div>","protected":false},"excerpt":{"rendered":"<p>Playa del Cura Torrevieja&#8217;s Coastal Gem Situated at the heart of Torrevieja, Playa Del Cura stands as the most centrally located beach in the city. A picturesque promenade winds its way along the shoreline, offering stunning views of the sea. Along the beach, you&#8217;ll find charming restaurants and pubs where you can indulge in delicious [&hellip;]<\/p>","protected":false},"author":1,"featured_media":0,"parent":0,"menu_order":0,"comment_status":"closed","ping_status":"closed","template":"","meta":{"_acf_changed":false,"om_disable_all_campaigns":false,"_monsterinsights_skip_tracking":false,"_monsterinsights_sitenote_active":false,"_monsterinsights_sitenote_note":"","_monsterinsights_sitenote_category":0,"_uf_show_specific_survey":0,"_uf_disable_surveys":false,"footnotes":""},"class_list":["post-12629","page","type-page","status-publish","hentry"],"acf":[],"_links":{"self":[{"href":"https:\/\/www.torreviejarentals.es\/sv\/wp-json\/wp\/v2\/pages\/12629","targetHints":{"allow":["GET"]}}],"collection":[{"href":"https:\/\/www.torreviejarentals.es\/sv\/wp-json\/wp\/v2\/pages"}],"about":[{"href":"https:\/\/www.torreviejarentals.es\/sv\/wp-json\/wp\/v2\/types\/page"}],"author":[{"embeddable":true,"href":"https:\/\/www.torreviejarentals.es\/sv\/wp-json\/wp\/v2\/users\/1"}],"replies":[{"embeddable":true,"href":"https:\/\/www.torreviejarentals.es\/sv\/wp-json\/wp\/v2\/comments?post=12629"}],"version-history":[{"count":40,"href":"https:\/\/www.torreviejarentals.es\/sv\/wp-json\/wp\/v2\/pages\/12629\/revisions"}],"predecessor-version":[{"id":13376,"href":"https:\/\/www.torreviejarentals.es\/sv\/wp-json\/wp\/v2\/pages\/12629\/revisions\/13376"}],"wp:attachment":[{"href":"https:\/\/www.torreviejarentals.es\/sv\/wp-json\/wp\/v2\/media?parent=12629"}],"curies":[{"name":"wp","href":"https:\/\/api.w.org\/{rel}","templated":true}]}}

<div data-elementor-type="wp-page" data-elementor-id="12629" class="elementor elementor-12629">
						<section class="elementor-section elementor-top-section elementor-element elementor-element-b1cb7f0 elementor-section-full_width elementor-section-height-default elementor-section-height-default" data-id="b1cb7f0" data-element_type="section" data-settings="{&quot;background_background&quot;:&quot;classic&quot;}">
						<div class="elementor-container elementor-column-gap-default">
					<div class="elementor-column elementor-col-100 elementor-top-column elementor-element elementor-element-29f31bca" data-id="29f31bca" data-element_type="column">
			<div class="elementor-widget-wrap elementor-element-populated">
						<section class="elementor-section elementor-inner-section elementor-element elementor-element-1132cdf elementor-section-height-min-height elementor-section-boxed elementor-section-height-default" data-id="1132cdf" data-element_type="section" data-settings="{&quot;background_background&quot;:&quot;classic&quot;}">
							<div class="elementor-background-overlay"></div>
							<div class="elementor-container elementor-column-gap-default">
					<div class="elementor-column elementor-col-100 elementor-inner-column elementor-element elementor-element-6fbff91e" data-id="6fbff91e" data-element_type="column">
			<div class="elementor-widget-wrap elementor-element-populated">
						<div class="elementor-element elementor-element-44309664 elementor-widget elementor-widget-lst_heading_v2" data-id="44309664" data-element_type="widget" data-widget_type="lst_heading_v2.default">
				<div class="elementor-widget-container">
					<div class="listivo-heading-v2-wrapper">
    <div class="listivo-heading-v2 listivo-heading-v2--left listivo-heading-v2--tablet-center listivo-heading-v2--mobile-center">
        
        <h2 class="listivo-heading-v2__text">
            Playa del Cura        </h2>
    </div>
</div>				</div>
				</div>
				<div class="elementor-element elementor-element-56ab94c5 elementor-widget elementor-widget-spacer" data-id="56ab94c5" data-element_type="widget" data-widget_type="spacer.default">
				<div class="elementor-widget-container">
							<div class="elementor-spacer">
			<div class="elementor-spacer-inner"></div>
		</div>
						</div>
				</div>
					</div>
		</div>
					</div>
		</section>
					</div>
		</div>
					</div>
		</section>
				<section class="elementor-section elementor-top-section elementor-element elementor-element-35bf20cf elementor-section-boxed elementor-section-height-default elementor-section-height-default" data-id="35bf20cf" data-element_type="section" data-settings="{&quot;background_background&quot;:&quot;classic&quot;}">
						<div class="elementor-container elementor-column-gap-default">
					<div class="elementor-column elementor-col-100 elementor-top-column elementor-element elementor-element-5f9d952c" data-id="5f9d952c" data-element_type="column">
			<div class="elementor-widget-wrap elementor-element-populated">
						<div class="elementor-element elementor-element-42ab8bfb elementor-widget elementor-widget-spacer" data-id="42ab8bfb" data-element_type="widget" data-widget_type="spacer.default">
				<div class="elementor-widget-container">
							<div class="elementor-spacer">
			<div class="elementor-spacer-inner"></div>
		</div>
						</div>
				</div>
					</div>
		</div>
					</div>
		</section>
				<section class="elementor-section elementor-top-section elementor-element elementor-element-27e37cc4 elementor-section-boxed elementor-section-height-default elementor-section-height-default" data-id="27e37cc4" data-element_type="section">
						<div class="elementor-container elementor-column-gap-default">
					<div class="elementor-column elementor-col-50 elementor-top-column elementor-element elementor-element-61d2258b" data-id="61d2258b" data-element_type="column">
			<div class="elementor-widget-wrap elementor-element-populated">
						<div class="elementor-element elementor-element-4d20c66d elementor-widget elementor-widget-heading" data-id="4d20c66d" data-element_type="widget" data-widget_type="heading.default">
				<div class="elementor-widget-container">
					<h2 class="elementor-heading-title elementor-size-default"> Torreviejas mest centrala strand</h2>				</div>
				</div>
				<div class="elementor-element elementor-element-285f510b elementor-widget elementor-widget-text-editor" data-id="285f510b" data-element_type="widget" data-widget_type="text-editor.default">
				<div class="elementor-widget-container">
									<p>Playa Del Cura ligger i hjärtat av Torrevieja och är den mest centralt belägna stranden i staden. En pittoresk strandpromenad slingrar sig längs strandlinjen och erbjuder fantastisk utsikt över havet. Längs stranden hittar du charmiga restauranger och pubar där du kan njuta av utsökt mat och dryck medan du njuter av kustatmosfären. Med sin närhet till allt som Torrevieja har att erbjuda är Playa Del Cura det perfekta stället att vara på.</p><p>När solen går ner förvandlas Playa Del Cura till ett pulserande nav av aktivitet. Stranden vaknar till liv med mysiga caféer, livliga barer och fantastiska restauranger, vilket skapar en oemotståndlig atmosfär. Oavsett om du letar efter en romantisk middag vid havet eller en livlig utekväll med vänner, hittar du massor av alternativ som passar ditt humör. Med sitt utmärkta läge och livliga atmosfär erbjuder Playa Del Cura en upplevelse för besökare i alla åldrar.</p><p>Bortom sin livliga strand, erbjuder Playa Del Cura massor av möjligheter till avkoppling och harmoni. Tillbringa dagarna med att njuta av solen, ta en lugn promenad längs strandpromenaden eller njut av stadskärnan i närheten. Playa Del Cura är det perfekta resmålet för dig som söker sol, hav och avkoppling.</p>								</div>
				</div>
					</div>
		</div>
				<div class="elementor-column elementor-col-50 elementor-top-column elementor-element elementor-element-3cf97ed3" data-id="3cf97ed3" data-element_type="column">
			<div class="elementor-widget-wrap elementor-element-populated">
						<div class="elementor-element elementor-element-2204f88a elementor-widget elementor-widget-image" data-id="2204f88a" data-element_type="widget" data-widget_type="image.default">
				<div class="elementor-widget-container">
															<img fetchpriority="high" decoding="async" width="800" height="1000" src="https://www.torreviejarentals.es/wp-content/uploads/2024/03/Cura-Beach.jpg" class="attachment-large size-large wp-image-12768" alt="" srcset="https://www.torreviejarentals.es/wp-content/uploads/2024/03/Cura-Beach.jpg 800w, https://www.torreviejarentals.es/wp-content/uploads/2024/03/Cura-Beach-240x300.jpg 240w, https://www.torreviejarentals.es/wp-content/uploads/2024/03/Cura-Beach-768x960.jpg 768w, https://www.torreviejarentals.es/wp-content/uploads/2024/03/Cura-Beach-10x12.jpg 10w" sizes="(max-width: 800px) 100vw, 800px" title="">															</div>
				</div>
					</div>
		</div>
					</div>
		</section>
				<section class="elementor-section elementor-top-section elementor-element elementor-element-4fdc160 elementor-section-boxed elementor-section-height-default elementor-section-height-default" data-id="4fdc160" data-element_type="section">
						<div class="elementor-container elementor-column-gap-default">
					<div class="elementor-column elementor-col-100 elementor-top-column elementor-element elementor-element-953d26e" data-id="953d26e" data-element_type="column">
			<div class="elementor-widget-wrap elementor-element-populated">
						<div class="elementor-element elementor-element-de4c827 elementor-widget elementor-widget-spacer" data-id="de4c827" data-element_type="widget" data-widget_type="spacer.default">
				<div class="elementor-widget-container">
							<div class="elementor-spacer">
			<div class="elementor-spacer-inner"></div>
		</div>
						</div>
				</div>
					</div>
		</div>
					</div>
		</section>
				</div>
