{"id":12631,"date":"2024-03-24T08:37:41","date_gmt":"2024-03-24T08:37:41","guid":{"rendered":"https:\/\/torreviejarentals.es\/?page_id=12631"},"modified":"2024-04-09T15:35:59","modified_gmt":"2024-04-09T15:35:59","slug":"punta-prima","status":"publish","type":"page","link":"https:\/\/www.torreviejarentals.es\/sv\/punta-prima\/","title":{"rendered":"Punta Prima"},"content":{"rendered":"<div data-elementor-type=\"wp-page\" data-elementor-id=\"12631\" class=\"elementor elementor-12631\">\n\t\t\t\t\t\t<section class=\"elementor-section elementor-top-section elementor-element elementor-element-1579c36f elementor-section-full_width elementor-section-height-default elementor-section-height-default\" data-id=\"1579c36f\" data-element_type=\"section\" data-settings=\"{&quot;background_background&quot;:&quot;classic&quot;}\">\n\t\t\t\t\t\t<div class=\"elementor-container elementor-column-gap-default\">\n\t\t\t\t\t<div class=\"elementor-column elementor-col-100 elementor-top-column elementor-element elementor-element-7de5123e\" data-id=\"7de5123e\" data-element_type=\"column\">\n\t\t\t<div class=\"elementor-widget-wrap elementor-element-populated\">\n\t\t\t\t\t\t<section class=\"elementor-section elementor-inner-section elementor-element elementor-element-1ccf4ad elementor-section-height-min-height elementor-section-boxed elementor-section-height-default\" data-id=\"1ccf4ad\" data-element_type=\"section\" data-settings=\"{&quot;background_background&quot;:&quot;classic&quot;}\">\n\t\t\t\t\t\t\t<div class=\"elementor-background-overlay\"><\/div>\n\t\t\t\t\t\t\t<div class=\"elementor-container elementor-column-gap-default\">\n\t\t\t\t\t<div class=\"elementor-column elementor-col-100 elementor-inner-column elementor-element elementor-element-47e9a4fa\" data-id=\"47e9a4fa\" data-element_type=\"column\">\n\t\t\t<div class=\"elementor-widget-wrap elementor-element-populated\">\n\t\t\t\t\t\t<div class=\"elementor-element elementor-element-5ebd7d0 elementor-widget elementor-widget-lst_heading_v2\" data-id=\"5ebd7d0\" data-element_type=\"widget\" data-widget_type=\"lst_heading_v2.default\">\n\t\t\t\t<div class=\"elementor-widget-container\">\n\t\t\t\t\t<div class=\"listivo-heading-v2-wrapper\">\n    <div class=\"listivo-heading-v2 listivo-heading-v2--left listivo-heading-v2--tablet-center listivo-heading-v2--mobile-center\">\n        \n        <h2 class=\"listivo-heading-v2__text\">\n            Punta Prima        <\/h2>\n    <\/div>\n<\/div>\t\t\t\t<\/div>\n\t\t\t\t<\/div>\n\t\t\t\t<div class=\"elementor-element elementor-element-34b9764f elementor-widget elementor-widget-spacer\" data-id=\"34b9764f\" data-element_type=\"widget\" data-widget_type=\"spacer.default\">\n\t\t\t\t<div class=\"elementor-widget-container\">\n\t\t\t\t\t\t\t<div class=\"elementor-spacer\">\n\t\t\t<div class=\"elementor-spacer-inner\"><\/div>\n\t\t<\/div>\n\t\t\t\t\t\t<\/div>\n\t\t\t\t<\/div>\n\t\t\t\t\t<\/div>\n\t\t<\/div>\n\t\t\t\t\t<\/div>\n\t\t<\/section>\n\t\t\t\t\t<\/div>\n\t\t<\/div>\n\t\t\t\t\t<\/div>\n\t\t<\/section>\n\t\t\t\t<section class=\"elementor-section elementor-top-section elementor-element elementor-element-5f2eb3b7 elementor-section-boxed elementor-section-height-default elementor-section-height-default\" data-id=\"5f2eb3b7\" data-element_type=\"section\" data-settings=\"{&quot;background_background&quot;:&quot;classic&quot;}\">\n\t\t\t\t\t\t<div class=\"elementor-container elementor-column-gap-default\">\n\t\t\t\t\t<div class=\"elementor-column elementor-col-100 elementor-top-column elementor-element elementor-element-3fd66a1c\" data-id=\"3fd66a1c\" data-element_type=\"column\">\n\t\t\t<div class=\"elementor-widget-wrap elementor-element-populated\">\n\t\t\t\t\t\t<div class=\"elementor-element elementor-element-6ad6aaa4 elementor-widget elementor-widget-spacer\" data-id=\"6ad6aaa4\" data-element_type=\"widget\" data-widget_type=\"spacer.default\">\n\t\t\t\t<div class=\"elementor-widget-container\">\n\t\t\t\t\t\t\t<div class=\"elementor-spacer\">\n\t\t\t<div class=\"elementor-spacer-inner\"><\/div>\n\t\t<\/div>\n\t\t\t\t\t\t<\/div>\n\t\t\t\t<\/div>\n\t\t\t\t\t<\/div>\n\t\t<\/div>\n\t\t\t\t\t<\/div>\n\t\t<\/section>\n\t\t\t\t<section class=\"elementor-section elementor-top-section elementor-element elementor-element-3c725997 elementor-section-boxed elementor-section-height-default elementor-section-height-default\" data-id=\"3c725997\" data-element_type=\"section\">\n\t\t\t\t\t\t<div class=\"elementor-container elementor-column-gap-default\">\n\t\t\t\t\t<div class=\"elementor-column elementor-col-50 elementor-top-column elementor-element elementor-element-7bf93111\" data-id=\"7bf93111\" data-element_type=\"column\">\n\t\t\t<div class=\"elementor-widget-wrap elementor-element-populated\">\n\t\t\t\t\t\t<div class=\"elementor-element elementor-element-60696b31 elementor-widget elementor-widget-heading\" data-id=\"60696b31\" data-element_type=\"widget\" data-widget_type=\"heading.default\">\n\t\t\t\t<div class=\"elementor-widget-container\">\n\t\t\t\t\t<h2 class=\"elementor-heading-title elementor-size-default\">En kustn\u00e4ra oas i Torrevieja<\/h2>\t\t\t\t<\/div>\n\t\t\t\t<\/div>\n\t\t\t\t<div class=\"elementor-element elementor-element-278bb6f1 elementor-widget elementor-widget-text-editor\" data-id=\"278bb6f1\" data-element_type=\"widget\" data-widget_type=\"text-editor.default\">\n\t\t\t\t<div class=\"elementor-widget-container\">\n\t\t\t\t\t\t\t\t\t<p>Punta Prima ligger cirka 8 kilometer s\u00f6der om Torreviejas centrum och erbjuder en livlig atmosf\u00e4r \u00e5ret runt. Ungef\u00e4r som Torrevieja Centrum, finns det en rad restauranger, pubar och aktiviteter att njuta av. En av dess b\u00e4sta f\u00f6rdelar \u00e4r dess n\u00e4rhet inte bara till Torrevieja Centrum utan ocks\u00e5 till La Zenia, k\u00e4nt f\u00f6r sitt stora k\u00f6pcentrum. Punta Prima \u00e4r ett charmigt resm\u00e5l med enkel tillg\u00e5ng till den vackra stranden.<\/p><p>N\u00e4r dagen \u00f6verg\u00e5r till kv\u00e4ll blir Punta Prima levande med en livlig energi. Bes\u00f6kare kan utforska de olika matst\u00e4llena, allt fr\u00e5n traditionella spanska tapas till internationella r\u00e4tter, eller varva ner med en drink p\u00e5 en av de livliga barerna. Med sin mysiga atmosf\u00e4r och bekv\u00e4ma l\u00e4ge erbjuder Punta Prima n\u00e5got f\u00f6r alla, oavsett om du s\u00f6ker avkoppling eller sp\u00e4nning.<\/p><p>F\u00f6rutom sin livliga restaurang- och n\u00f6jesliv erbjuder Punta Prima massor av m\u00f6jligheter till friluftsliv. Bes\u00f6kare kan tillbringa dagarna med att koppla av p\u00e5 sandstr\u00e4nderna, ta sk\u00f6na promenader l\u00e4ngs kusten eller delta i vattensporter. Med sin idylliska milj\u00f6 och utbud av aktiviteter \u00e4r Punta Prima den perfekta destinationen f\u00f6r dem som s\u00f6ker sol, hav och avkoppling.<\/p>\t\t\t\t\t\t\t\t<\/div>\n\t\t\t\t<\/div>\n\t\t\t\t\t<\/div>\n\t\t<\/div>\n\t\t\t\t<div class=\"elementor-column elementor-col-50 elementor-top-column elementor-element elementor-element-43519efc\" data-id=\"43519efc\" data-element_type=\"column\">\n\t\t\t<div class=\"elementor-widget-wrap elementor-element-populated\">\n\t\t\t\t\t\t<div class=\"elementor-element elementor-element-2baced09 elementor-widget elementor-widget-image\" data-id=\"2baced09\" data-element_type=\"widget\" data-widget_type=\"image.default\">\n\t\t\t\t<div class=\"elementor-widget-container\">\n\t\t\t\t\t\t\t\t\t\t\t\t\t\t\t<img fetchpriority=\"high\" decoding=\"async\" width=\"800\" height=\"1000\" src=\"https:\/\/www.torreviejarentals.es\/wp-content\/uploads\/2024\/03\/PuntaPrima2.jpg\" class=\"attachment-large size-large wp-image-12837\" alt=\"\" srcset=\"https:\/\/www.torreviejarentals.es\/wp-content\/uploads\/2024\/03\/PuntaPrima2.jpg 800w, https:\/\/www.torreviejarentals.es\/wp-content\/uploads\/2024\/03\/PuntaPrima2-240x300.jpg 240w, https:\/\/www.torreviejarentals.es\/wp-content\/uploads\/2024\/03\/PuntaPrima2-768x960.jpg 768w, https:\/\/www.torreviejarentals.es\/wp-content\/uploads\/2024\/03\/PuntaPrima2-10x12.jpg 10w\" sizes=\"(max-width: 800px) 100vw, 800px\" title=\"\">\t\t\t\t\t\t\t\t\t\t\t\t\t\t\t<\/div>\n\t\t\t\t<\/div>\n\t\t\t\t\t<\/div>\n\t\t<\/div>\n\t\t\t\t\t<\/div>\n\t\t<\/section>\n\t\t\t\t<section class=\"elementor-section elementor-top-section elementor-element elementor-element-7c1a99a elementor-section-boxed elementor-section-height-default elementor-section-height-default\" data-id=\"7c1a99a\" data-element_type=\"section\">\n\t\t\t\t\t\t<div class=\"elementor-container elementor-column-gap-default\">\n\t\t\t\t\t<div class=\"elementor-column elementor-col-100 elementor-top-column elementor-element elementor-element-fb0b88d\" data-id=\"fb0b88d\" data-element_type=\"column\">\n\t\t\t<div class=\"elementor-widget-wrap elementor-element-populated\">\n\t\t\t\t\t\t<div class=\"elementor-element elementor-element-28a35cf elementor-widget elementor-widget-spacer\" data-id=\"28a35cf\" data-element_type=\"widget\" data-widget_type=\"spacer.default\">\n\t\t\t\t<div class=\"elementor-widget-container\">\n\t\t\t\t\t\t\t<div class=\"elementor-spacer\">\n\t\t\t<div class=\"elementor-spacer-inner\"><\/div>\n\t\t<\/div>\n\t\t\t\t\t\t<\/div>\n\t\t\t\t<\/div>\n\t\t\t\t\t<\/div>\n\t\t<\/div>\n\t\t\t\t\t<\/div>\n\t\t<\/section>\n\t\t\t\t<\/div>","protected":false},"excerpt":{"rendered":"<p>Punta Prima A Coastal Oasis in Torrevieja Located approximately 8 kilometers south of Torrevieja Centre, Punta Prima offers a vibrant atmosphere year-round. Much like Torrevieja Centre, it boasts an array of restaurants, pubs, and activities to enjoy. One of its key advantages is its proximity not only to Torrevieja Centre but also to La Zenia, [&hellip;]<\/p>","protected":false},"author":1,"featured_media":0,"parent":0,"menu_order":0,"comment_status":"closed","ping_status":"closed","template":"","meta":{"_acf_changed":false,"om_disable_all_campaigns":false,"_monsterinsights_skip_tracking":false,"_monsterinsights_sitenote_active":false,"_monsterinsights_sitenote_note":"","_monsterinsights_sitenote_category":0,"_uf_show_specific_survey":0,"_uf_disable_surveys":false,"footnotes":""},"class_list":["post-12631","page","type-page","status-publish","hentry"],"acf":[],"_links":{"self":[{"href":"https:\/\/www.torreviejarentals.es\/sv\/wp-json\/wp\/v2\/pages\/12631","targetHints":{"allow":["GET"]}}],"collection":[{"href":"https:\/\/www.torreviejarentals.es\/sv\/wp-json\/wp\/v2\/pages"}],"about":[{"href":"https:\/\/www.torreviejarentals.es\/sv\/wp-json\/wp\/v2\/types\/page"}],"author":[{"embeddable":true,"href":"https:\/\/www.torreviejarentals.es\/sv\/wp-json\/wp\/v2\/users\/1"}],"replies":[{"embeddable":true,"href":"https:\/\/www.torreviejarentals.es\/sv\/wp-json\/wp\/v2\/comments?post=12631"}],"version-history":[{"count":37,"href":"https:\/\/www.torreviejarentals.es\/sv\/wp-json\/wp\/v2\/pages\/12631\/revisions"}],"predecessor-version":[{"id":13370,"href":"https:\/\/www.torreviejarentals.es\/sv\/wp-json\/wp\/v2\/pages\/12631\/revisions\/13370"}],"wp:attachment":[{"href":"https:\/\/www.torreviejarentals.es\/sv\/wp-json\/wp\/v2\/media?parent=12631"}],"curies":[{"name":"wp","href":"https:\/\/api.w.org\/{rel}","templated":true}]}}

<div data-elementor-type="wp-page" data-elementor-id="12631" class="elementor elementor-12631">
						<section class="elementor-section elementor-top-section elementor-element elementor-element-1579c36f elementor-section-full_width elementor-section-height-default elementor-section-height-default" data-id="1579c36f" data-element_type="section" data-settings="{&quot;background_background&quot;:&quot;classic&quot;}">
						<div class="elementor-container elementor-column-gap-default">
					<div class="elementor-column elementor-col-100 elementor-top-column elementor-element elementor-element-7de5123e" data-id="7de5123e" data-element_type="column">
			<div class="elementor-widget-wrap elementor-element-populated">
						<section class="elementor-section elementor-inner-section elementor-element elementor-element-1ccf4ad elementor-section-height-min-height elementor-section-boxed elementor-section-height-default" data-id="1ccf4ad" data-element_type="section" data-settings="{&quot;background_background&quot;:&quot;classic&quot;}">
							<div class="elementor-background-overlay"></div>
							<div class="elementor-container elementor-column-gap-default">
					<div class="elementor-column elementor-col-100 elementor-inner-column elementor-element elementor-element-47e9a4fa" data-id="47e9a4fa" data-element_type="column">
			<div class="elementor-widget-wrap elementor-element-populated">
						<div class="elementor-element elementor-element-5ebd7d0 elementor-widget elementor-widget-lst_heading_v2" data-id="5ebd7d0" data-element_type="widget" data-widget_type="lst_heading_v2.default">
				<div class="elementor-widget-container">
					<div class="listivo-heading-v2-wrapper">
    <div class="listivo-heading-v2 listivo-heading-v2--left listivo-heading-v2--tablet-center listivo-heading-v2--mobile-center">
        
        <h2 class="listivo-heading-v2__text">
            Punta Prima        </h2>
    </div>
</div>				</div>
				</div>
				<div class="elementor-element elementor-element-34b9764f elementor-widget elementor-widget-spacer" data-id="34b9764f" data-element_type="widget" data-widget_type="spacer.default">
				<div class="elementor-widget-container">
							<div class="elementor-spacer">
			<div class="elementor-spacer-inner"></div>
		</div>
						</div>
				</div>
					</div>
		</div>
					</div>
		</section>
					</div>
		</div>
					</div>
		</section>
				<section class="elementor-section elementor-top-section elementor-element elementor-element-5f2eb3b7 elementor-section-boxed elementor-section-height-default elementor-section-height-default" data-id="5f2eb3b7" data-element_type="section" data-settings="{&quot;background_background&quot;:&quot;classic&quot;}">
						<div class="elementor-container elementor-column-gap-default">
					<div class="elementor-column elementor-col-100 elementor-top-column elementor-element elementor-element-3fd66a1c" data-id="3fd66a1c" data-element_type="column">
			<div class="elementor-widget-wrap elementor-element-populated">
						<div class="elementor-element elementor-element-6ad6aaa4 elementor-widget elementor-widget-spacer" data-id="6ad6aaa4" data-element_type="widget" data-widget_type="spacer.default">
				<div class="elementor-widget-container">
							<div class="elementor-spacer">
			<div class="elementor-spacer-inner"></div>
		</div>
						</div>
				</div>
					</div>
		</div>
					</div>
		</section>
				<section class="elementor-section elementor-top-section elementor-element elementor-element-3c725997 elementor-section-boxed elementor-section-height-default elementor-section-height-default" data-id="3c725997" data-element_type="section">
						<div class="elementor-container elementor-column-gap-default">
					<div class="elementor-column elementor-col-50 elementor-top-column elementor-element elementor-element-7bf93111" data-id="7bf93111" data-element_type="column">
			<div class="elementor-widget-wrap elementor-element-populated">
						<div class="elementor-element elementor-element-60696b31 elementor-widget elementor-widget-heading" data-id="60696b31" data-element_type="widget" data-widget_type="heading.default">
				<div class="elementor-widget-container">
					<h2 class="elementor-heading-title elementor-size-default">En kustnära oas i Torrevieja</h2>				</div>
				</div>
				<div class="elementor-element elementor-element-278bb6f1 elementor-widget elementor-widget-text-editor" data-id="278bb6f1" data-element_type="widget" data-widget_type="text-editor.default">
				<div class="elementor-widget-container">
									<p>Punta Prima ligger cirka 8 kilometer söder om Torreviejas centrum och erbjuder en livlig atmosfär året runt. Ungefär som Torrevieja Centrum, finns det en rad restauranger, pubar och aktiviteter att njuta av. En av dess bästa fördelar är dess närhet inte bara till Torrevieja Centrum utan också till La Zenia, känt för sitt stora köpcentrum. Punta Prima är ett charmigt resmål med enkel tillgång till den vackra stranden.</p><p>När dagen övergår till kväll blir Punta Prima levande med en livlig energi. Besökare kan utforska de olika matställena, allt från traditionella spanska tapas till internationella rätter, eller varva ner med en drink på en av de livliga barerna. Med sin mysiga atmosfär och bekväma läge erbjuder Punta Prima något för alla, oavsett om du söker avkoppling eller spänning.</p><p>Förutom sin livliga restaurang- och nöjesliv erbjuder Punta Prima massor av möjligheter till friluftsliv. Besökare kan tillbringa dagarna med att koppla av på sandstränderna, ta sköna promenader längs kusten eller delta i vattensporter. Med sin idylliska miljö och utbud av aktiviteter är Punta Prima den perfekta destinationen för dem som söker sol, hav och avkoppling.</p>								</div>
				</div>
					</div>
		</div>
				<div class="elementor-column elementor-col-50 elementor-top-column elementor-element elementor-element-43519efc" data-id="43519efc" data-element_type="column">
			<div class="elementor-widget-wrap elementor-element-populated">
						<div class="elementor-element elementor-element-2baced09 elementor-widget elementor-widget-image" data-id="2baced09" data-element_type="widget" data-widget_type="image.default">
				<div class="elementor-widget-container">
															<img fetchpriority="high" decoding="async" width="800" height="1000" src="https://www.torreviejarentals.es/wp-content/uploads/2024/03/PuntaPrima2.jpg" class="attachment-large size-large wp-image-12837" alt="" srcset="https://www.torreviejarentals.es/wp-content/uploads/2024/03/PuntaPrima2.jpg 800w, https://www.torreviejarentals.es/wp-content/uploads/2024/03/PuntaPrima2-240x300.jpg 240w, https://www.torreviejarentals.es/wp-content/uploads/2024/03/PuntaPrima2-768x960.jpg 768w, https://www.torreviejarentals.es/wp-content/uploads/2024/03/PuntaPrima2-10x12.jpg 10w" sizes="(max-width: 800px) 100vw, 800px" title="">															</div>
				</div>
					</div>
		</div>
					</div>
		</section>
				<section class="elementor-section elementor-top-section elementor-element elementor-element-7c1a99a elementor-section-boxed elementor-section-height-default elementor-section-height-default" data-id="7c1a99a" data-element_type="section">
						<div class="elementor-container elementor-column-gap-default">
					<div class="elementor-column elementor-col-100 elementor-top-column elementor-element elementor-element-fb0b88d" data-id="fb0b88d" data-element_type="column">
			<div class="elementor-widget-wrap elementor-element-populated">
						<div class="elementor-element elementor-element-28a35cf elementor-widget elementor-widget-spacer" data-id="28a35cf" data-element_type="widget" data-widget_type="spacer.default">
				<div class="elementor-widget-container">
							<div class="elementor-spacer">
			<div class="elementor-spacer-inner"></div>
		</div>
						</div>
				</div>
					</div>
		</div>
					</div>
		</section>
				</div>
